{"id":24148,"date":"2024-04-25T09:21:54","date_gmt":"2024-04-25T09:21:54","guid":{"rendered":"https:\/\/campoagricola.es\/?page_id=24148"},"modified":"2023-05-29T11:22:37","modified_gmt":"2023-05-29T11:22:37","slug":"pieces-gil","status":"publish","type":"page","link":"https:\/\/campoagricola.es\/index.php\/pieces-gil\/","title":{"rendered":"Pi\u00e8ces gil"},"content":{"rendered":"\t\t<div data-elementor-type=\"wp-page\" data-elementor-id=\"24148\" class=\"elementor elementor-24148\" data-elementor-settings=\"{&quot;ha_cmc_init_switcher&quot;:&quot;no&quot;}\">\n\t\t\t\t\t\t<section class=\"elementor-section elementor-top-section elementor-element elementor-element-26a0641 elementor-section-height-min-height elementor-section-boxed elementor-section-height-default elementor-section-items-middle\" data-id=\"26a0641\" data-element_type=\"section\" data-e-type=\"section\" data-settings=\"{&quot;background_background&quot;:&quot;classic&quot;,&quot;_ha_eqh_enable&quot;:false,&quot;ekit_has_onepagescroll_dot&quot;:&quot;yes&quot;}\">\n\t\t\t\t\t\t\t<div class=\"elementor-background-overlay\"><\/div>\n\t\t\t\t\t\t\t<div class=\"elementor-container elementor-column-gap-wider\">\n\t\t\t\t\t<div class=\"elementor-column elementor-col-100 elementor-top-column elementor-element elementor-element-76dddd4\" data-id=\"76dddd4\" data-element_type=\"column\" data-e-type=\"column\">\n\t\t\t<div class=\"elementor-widget-wrap elementor-element-populated\">\n\t\t\t\t\t\t<div class=\"elementor-element elementor-element-3eef760 elementor-widget elementor-widget-heading\" data-id=\"3eef760\" data-element_type=\"widget\" data-e-type=\"widget\" data-settings=\"{&quot;ekit_we_effect_on&quot;:&quot;none&quot;}\" data-widget_type=\"heading.default\">\n\t\t\t\t<div class=\"elementor-widget-container\">\n\t\t\t\t\t<h1 class=\"elementor-heading-title elementor-size-default\"><span style=\"letter-spacing: -0.09741rem\">Pi\u00e8ces d\u00b4usure<\/span> adaptables \u00e0 Gil<span style=\"letter-spacing: -0.09741rem\"><\/span><br><\/h1>\t\t\t\t<\/div>\n\t\t\t\t<\/div>\n\t\t\t\t\t<\/div>\n\t\t<\/div>\n\t\t\t\t\t<\/div>\n\t\t<\/section>\n\t\t\t\t<section class=\"elementor-section elementor-top-section elementor-element elementor-element-f5dec68 elementor-section-boxed elementor-section-height-default elementor-section-height-default\" data-id=\"f5dec68\" data-element_type=\"section\" data-e-type=\"section\" data-settings=\"{&quot;_ha_eqh_enable&quot;:false,&quot;ekit_has_onepagescroll_dot&quot;:&quot;yes&quot;}\">\n\t\t\t\t\t\t<div class=\"elementor-container elementor-column-gap-default\">\n\t\t\t\t\t<div class=\"elementor-column elementor-col-100 elementor-top-column elementor-element elementor-element-27badd2\" data-id=\"27badd2\" data-element_type=\"column\" data-e-type=\"column\">\n\t\t\t<div class=\"elementor-widget-wrap elementor-element-populated\">\n\t\t\t\t\t\t<div class=\"elementor-element elementor-element-7437814 elementor-widget elementor-widget-ekit-nav-menu\" data-id=\"7437814\" data-element_type=\"widget\" data-e-type=\"widget\" data-settings=\"{&quot;ekit_we_effect_on&quot;:&quot;none&quot;}\" data-widget_type=\"ekit-nav-menu.default\">\n\t\t\t\t<div class=\"elementor-widget-container\">\n\t\t\t\t\t\t\t<nav class=\"ekit-wid-con ekit_menu_responsive_tablet\"\n\t\t\tdata-hamburger-icon=\"\"\n\t\t\tdata-hamburger-icon-type=\"icon\"\n\t\t\tdata-responsive-breakpoint=\"1024\">\n\t\t\t            <button class=\"elementskit-menu-hamburger elementskit-menu-toggler\"  type=\"button\" aria-label=\"hamburger-icon\">\n                                    <span class=\"elementskit-menu-hamburger-icon\"><\/span><span class=\"elementskit-menu-hamburger-icon\"><\/span><span class=\"elementskit-menu-hamburger-icon\"><\/span>\n                            <\/button>\n            <div id=\"ekit-megamenu-componentes-arado-frances\" class=\"elementskit-menu-container elementskit-menu-offcanvas-elements elementskit-navbar-nav-default ekit-nav-menu-one-page-no ekit-nav-dropdown-hover\"><ul id=\"menu-componentes-arado-frances\" class=\"elementskit-navbar-nav elementskit-menu-po-center submenu-click-on-icon\"><li id=\"menu-item-24200\" class=\"menu-item menu-item-type-post_type menu-item-object-page menu-item-24200 nav-item nav-item elementskit-mobile-builder-content\" data-vertical-menu=750px><a href=\"https:\/\/campoagricola.es\/index.php\/pieces-gil\/\" class=\"ekit-menu-nav-link\">Gil<\/a><\/li>\n<li id=\"menu-item-24201\" class=\"menu-item menu-item-type-post_type menu-item-object-page menu-item-24201 nav-item nav-item elementskit-mobile-builder-content\" data-vertical-menu=750px><a href=\"https:\/\/campoagricola.es\/index.php\/pieces-gregorie-besson\/\" class=\"ekit-menu-nav-link\">Gregorie Besson<\/a><\/li>\n<li id=\"menu-item-24204\" class=\"menu-item menu-item-type-post_type menu-item-object-page menu-item-24204 nav-item nav-item elementskit-mobile-builder-content\" data-vertical-menu=750px><a href=\"https:\/\/campoagricola.es\/index.php\/pieces-kverneland\/\" class=\"ekit-menu-nav-link\">Kverneland<\/a><\/li>\n<li id=\"menu-item-24203\" class=\"menu-item menu-item-type-post_type menu-item-object-page menu-item-24203 nav-item nav-item elementskit-mobile-builder-content\" data-vertical-menu=750px><a href=\"https:\/\/campoagricola.es\/index.php\/pieces-kuhn\/\" class=\"ekit-menu-nav-link\">kuhn<\/a><\/li>\n<li id=\"menu-item-24205\" class=\"menu-item menu-item-type-post_type menu-item-object-page menu-item-24205 nav-item nav-item elementskit-mobile-builder-content\" data-vertical-menu=750px><a href=\"https:\/\/campoagricola.es\/index.php\/pieces-lanau\/\" class=\"ekit-menu-nav-link\">Lanau<\/a><\/li>\n<li id=\"menu-item-24206\" class=\"menu-item menu-item-type-post_type menu-item-object-page menu-item-24206 nav-item nav-item elementskit-mobile-builder-content\" data-vertical-menu=750px><a href=\"https:\/\/campoagricola.es\/index.php\/pieces-lemken\/\" class=\"ekit-menu-nav-link\">Lemken<\/a><\/li>\n<li id=\"menu-item-24207\" class=\"menu-item menu-item-type-post_type menu-item-object-page menu-item-24207 nav-item nav-item elementskit-mobile-builder-content\" data-vertical-menu=750px><a href=\"https:\/\/campoagricola.es\/index.php\/pieces-overum\/\" class=\"ekit-menu-nav-link\">\u00d6verum<\/a><\/li>\n<li id=\"menu-item-24208\" class=\"menu-item menu-item-type-post_type menu-item-object-page menu-item-24208 nav-item nav-item elementskit-mobile-builder-content\" data-vertical-menu=750px><a href=\"https:\/\/campoagricola.es\/index.php\/pieces-vogelnoot\/\" class=\"ekit-menu-nav-link\">Vogel &#038; Noot<\/a><\/li>\n<li id=\"menu-item-24198\" class=\"menu-item menu-item-type-post_type menu-item-object-page menu-item-24198 nav-item nav-item elementskit-mobile-builder-content\" data-vertical-menu=750px><a href=\"https:\/\/campoagricola.es\/index.php\/pieces-autres-fabricants\/\" class=\"ekit-menu-nav-link\">Autres fabricants<\/a><\/li>\n<\/ul><div class=\"elementskit-nav-identity-panel\"><button class=\"elementskit-menu-close elementskit-menu-toggler\" type=\"button\">X<\/button><\/div><\/div>\n\t\t\t<div class=\"elementskit-menu-overlay elementskit-menu-offcanvas-elements elementskit-menu-toggler ekit-nav-menu--overlay\"><\/div>        <\/nav>\n\t\t\t\t\t\t<\/div>\n\t\t\t\t<\/div>\n\t\t\t\t\t<\/div>\n\t\t<\/div>\n\t\t\t\t\t<\/div>\n\t\t<\/section>\n\t\t\t\t<section class=\"elementor-section elementor-top-section elementor-element elementor-element-f6bf4d8 elementor-section-boxed elementor-section-height-default elementor-section-height-default\" data-id=\"f6bf4d8\" data-element_type=\"section\" data-e-type=\"section\" data-settings=\"{&quot;_ha_eqh_enable&quot;:false,&quot;ekit_has_onepagescroll_dot&quot;:&quot;yes&quot;}\">\n\t\t\t\t\t\t<div class=\"elementor-container elementor-column-gap-default\">\n\t\t\t\t\t<div class=\"elementor-column elementor-col-50 elementor-top-column elementor-element elementor-element-66213ba\" data-id=\"66213ba\" data-element_type=\"column\" data-e-type=\"column\">\n\t\t\t<div class=\"elementor-widget-wrap elementor-element-populated\">\n\t\t\t\t\t\t<div class=\"elementor-element elementor-element-87c4fe2 elementor-widget elementor-widget-heading\" data-id=\"87c4fe2\" data-element_type=\"widget\" data-e-type=\"widget\" data-settings=\"{&quot;ekit_we_effect_on&quot;:&quot;none&quot;}\" data-widget_type=\"heading.default\">\n\t\t\t\t<div class=\"elementor-widget-container\">\n\t\t\t\t\t<h3 class=\"elementor-heading-title elementor-size-default\">VERSOIR<\/h3>\t\t\t\t<\/div>\n\t\t\t\t<\/div>\n\t\t\t\t<div class=\"elementor-element elementor-element-a798e88 elementor-widget elementor-widget-image\" data-id=\"a798e88\" data-element_type=\"widget\" data-e-type=\"widget\" data-settings=\"{&quot;ekit_we_effect_on&quot;:&quot;none&quot;}\" data-widget_type=\"image.default\">\n\t\t\t\t<div class=\"elementor-widget-container\">\n\t\t\t\t\t\t\t\t\t\t\t\t\t\t\t<img decoding=\"async\" width=\"300\" height=\"138\" src=\"https:\/\/campoagricola.es\/wp-content\/uploads\/2019\/08\/0000410_vertedera-bellota-1886-ca-derecha-gil.jpg\" class=\"attachment-large size-large wp-image-12242\" alt=\"\" \/>\t\t\t\t\t\t\t\t\t\t\t\t\t\t\t<\/div>\n\t\t\t\t<\/div>\n\t\t\t\t\t<\/div>\n\t\t<\/div>\n\t\t\t\t<div class=\"elementor-column elementor-col-50 elementor-top-column elementor-element elementor-element-885a2f5\" data-id=\"885a2f5\" data-element_type=\"column\" data-e-type=\"column\">\n\t\t\t<div class=\"elementor-widget-wrap elementor-element-populated\">\n\t\t\t\t\t\t<div class=\"elementor-element elementor-element-3789e63 elementor-widget elementor-widget-Table\" data-id=\"3789e63\" data-element_type=\"widget\" data-e-type=\"widget\" data-settings=\"{&quot;ekit_we_effect_on&quot;:&quot;none&quot;}\" data-widget_type=\"Table.default\">\n\t\t\t\t<div class=\"elementor-widget-container\">\n\t\t\t\t\t\t\t<table class=\"tafe-table \">\n\t\t\t<thead  class=\"tafe-table-header\">\n\t\t\t\t<tr>\n\t\t\t\t\t<th class=\"elementor-inline-editing elementor-repeater-item-a9d6ce6\"   >Cod. Num.<\/th><th class=\"elementor-inline-editing elementor-repeater-item-abf901a\"   >Mod\u00e8le B<\/th><th class=\"elementor-inline-editing elementor-repeater-item-5fff6f3\"   >Poids<\/th><th class=\"elementor-inline-editing elementor-repeater-item-e337423\"   >Unit\u00e9s\/bo\u00eete\t<\/th><th class=\"elementor-inline-editing elementor-repeater-item-6304d5c\"   >Hauteur<\/th><th class=\"elementor-inline-editing elementor-repeater-item-630e5d6\"   >Largeur<\/th><th class=\"elementor-inline-editing elementor-repeater-item-9dba50f\"   >\u00c9paisseur<\/th>\t\t\t\t<\/tr>\n\t\t\t<\/thead>\n\t\t\t\t\t\t<tbody class=\"tafe-table-body\">\n\t\t\t\t<tr>\n\t\t\t\t\t<td data-label=\"Cod. Num.\"   class=\"elementor-repeater-item-cb70a80 td-content-type-default\" >1216301<\/td><td data-label=\"Mod\u00e8le B\"   class=\"elementor-repeater-item-304c073 td-content-type-default\" >1886-D<\/td><td data-label=\"Poids\"   class=\"elementor-repeater-item-170a737 td-content-type-default\" >5,40<\/td><td data-label=\"Unit\u00e9s\/bo\u00eete\"   class=\"elementor-repeater-item-4be192d td-content-type-default\" >100<\/td><td data-label=\"Hauteur\"   class=\"elementor-repeater-item-271596b td-content-type-default\" >221<\/td><td data-label=\"Largeur\"   class=\"elementor-repeater-item-a68c4f9 td-content-type-default\" >523<\/td><td data-label=\"\u00c9paisseur\"   class=\"elementor-repeater-item-7a602ff td-content-type-default\" >8<\/td>\t\t\t\t<\/tr>\n\t\t\t<\/tbody>\n\t\t<\/table>\n\t\t\n\t\t\t\t\t\t<\/div>\n\t\t\t\t<\/div>\n\t\t\t\t\t<\/div>\n\t\t<\/div>\n\t\t\t\t\t<\/div>\n\t\t<\/section>\n\t\t\t\t<section class=\"elementor-section elementor-top-section elementor-element elementor-element-845ebca elementor-section-boxed elementor-section-height-default elementor-section-height-default\" data-id=\"845ebca\" data-element_type=\"section\" data-e-type=\"section\" data-settings=\"{&quot;_ha_eqh_enable&quot;:false,&quot;ekit_has_onepagescroll_dot&quot;:&quot;yes&quot;}\">\n\t\t\t\t\t\t<div class=\"elementor-container elementor-column-gap-default\">\n\t\t\t\t\t<div class=\"elementor-column elementor-col-100 elementor-top-column elementor-element elementor-element-64fe580\" data-id=\"64fe580\" data-element_type=\"column\" data-e-type=\"column\">\n\t\t\t<div class=\"elementor-widget-wrap elementor-element-populated\">\n\t\t\t\t\t\t<div class=\"elementor-element elementor-element-002343c elementor-widget-divider--view-line elementor-widget elementor-widget-divider\" data-id=\"002343c\" data-element_type=\"widget\" data-e-type=\"widget\" data-settings=\"{&quot;ekit_we_effect_on&quot;:&quot;none&quot;}\" data-widget_type=\"divider.default\">\n\t\t\t\t<div class=\"elementor-widget-container\">\n\t\t\t\t\t\t\t<div class=\"elementor-divider\">\n\t\t\t<span class=\"elementor-divider-separator\">\n\t\t\t\t\t\t<\/span>\n\t\t<\/div>\n\t\t\t\t\t\t<\/div>\n\t\t\t\t<\/div>\n\t\t\t\t\t<\/div>\n\t\t<\/div>\n\t\t\t\t\t<\/div>\n\t\t<\/section>\n\t\t\t\t<section class=\"elementor-section elementor-top-section elementor-element elementor-element-c66ce41 elementor-section-boxed elementor-section-height-default elementor-section-height-default\" data-id=\"c66ce41\" data-element_type=\"section\" data-e-type=\"section\" data-settings=\"{&quot;_ha_eqh_enable&quot;:false,&quot;ekit_has_onepagescroll_dot&quot;:&quot;yes&quot;}\">\n\t\t\t\t\t\t<div class=\"elementor-container elementor-column-gap-default\">\n\t\t\t\t\t<div class=\"elementor-column elementor-col-50 elementor-top-column elementor-element elementor-element-310d3e7\" data-id=\"310d3e7\" data-element_type=\"column\" data-e-type=\"column\">\n\t\t\t<div class=\"elementor-widget-wrap elementor-element-populated\">\n\t\t\t\t\t\t<div class=\"elementor-element elementor-element-6be5ef3 elementor-widget elementor-widget-heading\" data-id=\"6be5ef3\" data-element_type=\"widget\" data-e-type=\"widget\" data-settings=\"{&quot;ekit_we_effect_on&quot;:&quot;none&quot;}\" data-widget_type=\"heading.default\">\n\t\t\t\t<div class=\"elementor-widget-container\">\n\t\t\t\t\t<h3 class=\"elementor-heading-title elementor-size-default\">SOC \u00c0 POINTE<\/h3>\t\t\t\t<\/div>\n\t\t\t\t<\/div>\n\t\t\t\t<div class=\"elementor-element elementor-element-f9b2a74 elementor-widget elementor-widget-image\" data-id=\"f9b2a74\" data-element_type=\"widget\" data-e-type=\"widget\" data-settings=\"{&quot;ekit_we_effect_on&quot;:&quot;none&quot;}\" data-widget_type=\"image.default\">\n\t\t\t\t<div class=\"elementor-widget-container\">\n\t\t\t\t\t\t\t\t\t\t\t\t\t\t\t<img decoding=\"async\" width=\"300\" height=\"107\" src=\"https:\/\/campoagricola.es\/wp-content\/uploads\/2019\/08\/REJA-GIL.jpg\" class=\"attachment-large size-large wp-image-12246\" alt=\"\" \/>\t\t\t\t\t\t\t\t\t\t\t\t\t\t\t<\/div>\n\t\t\t\t<\/div>\n\t\t\t\t\t<\/div>\n\t\t<\/div>\n\t\t\t\t<div class=\"elementor-column elementor-col-50 elementor-top-column elementor-element elementor-element-dd2fda9\" data-id=\"dd2fda9\" data-element_type=\"column\" data-e-type=\"column\">\n\t\t\t<div class=\"elementor-widget-wrap elementor-element-populated\">\n\t\t\t\t\t\t<div class=\"elementor-element elementor-element-27043c0 elementor-widget elementor-widget-Table\" data-id=\"27043c0\" data-element_type=\"widget\" data-e-type=\"widget\" data-settings=\"{&quot;ekit_we_effect_on&quot;:&quot;none&quot;}\" data-widget_type=\"Table.default\">\n\t\t\t\t<div class=\"elementor-widget-container\">\n\t\t\t\t\t\t\t<table class=\"tafe-table \">\n\t\t\t<thead  class=\"tafe-table-header\">\n\t\t\t\t<tr>\n\t\t\t\t\t<th class=\"elementor-inline-editing elementor-repeater-item-a9d6ce6\"   >Cod. Num.<\/th><th class=\"elementor-inline-editing elementor-repeater-item-abf901a\"   >Mod\u00e8le B<\/th><th class=\"elementor-inline-editing elementor-repeater-item-5fff6f3\"   >Poids<\/th><th class=\"elementor-inline-editing elementor-repeater-item-e337423\"   >Unit\u00e9s\/bo\u00eete\t<\/th><th class=\"elementor-inline-editing elementor-repeater-item-6304d5c\"   >Hauteur<\/th><th class=\"elementor-inline-editing elementor-repeater-item-630e5d6\"   >Largeur<\/th><th class=\"elementor-inline-editing elementor-repeater-item-9dba50f\"   >\u00c9paisseur<\/th>\t\t\t\t<\/tr>\n\t\t\t<\/thead>\n\t\t\t\t\t\t<tbody class=\"tafe-table-body\">\n\t\t\t\t<tr>\n\t\t\t\t\t<td data-label=\"Cod. Num.\"   class=\"elementor-repeater-item-cb70a80 td-content-type-default\" >1216400<\/td><td data-label=\"Mod\u00e8le B\"   class=\"elementor-repeater-item-304c073 td-content-type-default\" >1439-D<\/td><td data-label=\"Poids\"   class=\"elementor-repeater-item-170a737 td-content-type-default\" >2,75<\/td><td data-label=\"Unit\u00e9s\/bo\u00eete\"   class=\"elementor-repeater-item-4be192d td-content-type-default\" >100<\/td><td data-label=\"Hauteur\"   class=\"elementor-repeater-item-271596b td-content-type-default\" >125<\/td><td data-label=\"Largeur\"   class=\"elementor-repeater-item-a68c4f9 td-content-type-default\" >360<\/td><td data-label=\"\u00c9paisseur\"   class=\"elementor-repeater-item-7a602ff td-content-type-default\" >9<\/td>\t\t\t\t<\/tr>\n\t\t\t<\/tbody>\n\t\t<\/table>\n\t\t\n\t\t\t\t\t\t<\/div>\n\t\t\t\t<\/div>\n\t\t\t\t\t<\/div>\n\t\t<\/div>\n\t\t\t\t\t<\/div>\n\t\t<\/section>\n\t\t\t\t<section class=\"elementor-section elementor-top-section elementor-element elementor-element-b3f989f elementor-section-boxed elementor-section-height-default elementor-section-height-default\" data-id=\"b3f989f\" data-element_type=\"section\" data-e-type=\"section\" data-settings=\"{&quot;_ha_eqh_enable&quot;:false,&quot;ekit_has_onepagescroll_dot&quot;:&quot;yes&quot;}\">\n\t\t\t\t\t\t<div class=\"elementor-container elementor-column-gap-default\">\n\t\t\t\t\t<div class=\"elementor-column elementor-col-100 elementor-top-column elementor-element elementor-element-986fe08\" data-id=\"986fe08\" data-element_type=\"column\" data-e-type=\"column\">\n\t\t\t<div class=\"elementor-widget-wrap elementor-element-populated\">\n\t\t\t\t\t\t<div class=\"elementor-element elementor-element-701032b elementor-widget-divider--view-line elementor-widget elementor-widget-divider\" data-id=\"701032b\" data-element_type=\"widget\" data-e-type=\"widget\" data-settings=\"{&quot;ekit_we_effect_on&quot;:&quot;none&quot;}\" data-widget_type=\"divider.default\">\n\t\t\t\t<div class=\"elementor-widget-container\">\n\t\t\t\t\t\t\t<div class=\"elementor-divider\">\n\t\t\t<span class=\"elementor-divider-separator\">\n\t\t\t\t\t\t<\/span>\n\t\t<\/div>\n\t\t\t\t\t\t<\/div>\n\t\t\t\t<\/div>\n\t\t\t\t\t<\/div>\n\t\t<\/div>\n\t\t\t\t\t<\/div>\n\t\t<\/section>\n\t\t\t\t<section class=\"elementor-section elementor-top-section elementor-element elementor-element-f7f9ebc elementor-section-boxed elementor-section-height-default elementor-section-height-default\" data-id=\"f7f9ebc\" data-element_type=\"section\" data-e-type=\"section\" data-settings=\"{&quot;_ha_eqh_enable&quot;:false,&quot;ekit_has_onepagescroll_dot&quot;:&quot;yes&quot;}\">\n\t\t\t\t\t\t<div class=\"elementor-container elementor-column-gap-default\">\n\t\t\t\t\t<div class=\"elementor-column elementor-col-50 elementor-top-column elementor-element elementor-element-2034116\" data-id=\"2034116\" data-element_type=\"column\" data-e-type=\"column\">\n\t\t\t<div class=\"elementor-widget-wrap elementor-element-populated\">\n\t\t\t\t\t\t<div class=\"elementor-element elementor-element-b03320c elementor-widget elementor-widget-heading\" data-id=\"b03320c\" data-element_type=\"widget\" data-e-type=\"widget\" data-settings=\"{&quot;ekit_we_effect_on&quot;:&quot;none&quot;}\" data-widget_type=\"heading.default\">\n\t\t\t\t<div class=\"elementor-widget-container\">\n\t\t\t\t\t<h3 class=\"elementor-heading-title elementor-size-default\"><span style=\"white-space: normal\">POINTE<\/span><\/h3>\t\t\t\t<\/div>\n\t\t\t\t<\/div>\n\t\t\t\t<div class=\"elementor-element elementor-element-59a6e59 elementor-widget elementor-widget-image\" data-id=\"59a6e59\" data-element_type=\"widget\" data-e-type=\"widget\" data-settings=\"{&quot;ekit_we_effect_on&quot;:&quot;none&quot;}\" data-widget_type=\"image.default\">\n\t\t\t\t<div class=\"elementor-widget-container\">\n\t\t\t\t\t\t\t\t\t\t\t\t\t\t\t<img decoding=\"async\" width=\"300\" height=\"95\" src=\"https:\/\/campoagricola.es\/wp-content\/uploads\/2019\/08\/1216500.jpg\" class=\"attachment-large size-large wp-image-12247\" alt=\"\" \/>\t\t\t\t\t\t\t\t\t\t\t\t\t\t\t<\/div>\n\t\t\t\t<\/div>\n\t\t\t\t\t<\/div>\n\t\t<\/div>\n\t\t\t\t<div class=\"elementor-column elementor-col-50 elementor-top-column elementor-element elementor-element-bc8f60a\" data-id=\"bc8f60a\" data-element_type=\"column\" data-e-type=\"column\">\n\t\t\t<div class=\"elementor-widget-wrap elementor-element-populated\">\n\t\t\t\t\t\t<div class=\"elementor-element elementor-element-e365f60 elementor-widget elementor-widget-Table\" data-id=\"e365f60\" data-element_type=\"widget\" data-e-type=\"widget\" data-settings=\"{&quot;ekit_we_effect_on&quot;:&quot;none&quot;}\" data-widget_type=\"Table.default\">\n\t\t\t\t<div class=\"elementor-widget-container\">\n\t\t\t\t\t\t\t<table class=\"tafe-table \">\n\t\t\t<thead  class=\"tafe-table-header\">\n\t\t\t\t<tr>\n\t\t\t\t\t<th class=\"elementor-inline-editing elementor-repeater-item-a9d6ce6\"   >Cod. Num.<\/th><th class=\"elementor-inline-editing elementor-repeater-item-abf901a\"   >Mod\u00e8le B<\/th><th class=\"elementor-inline-editing elementor-repeater-item-5fff6f3\"   >Poids<\/th><th class=\"elementor-inline-editing elementor-repeater-item-e337423\"   >Unit\u00e9s\/bo\u00eete\t<\/th><th class=\"elementor-inline-editing elementor-repeater-item-6304d5c\"   >Hauteur<\/th><th class=\"elementor-inline-editing elementor-repeater-item-630e5d6\"   >Largeur<\/th><th class=\"elementor-inline-editing elementor-repeater-item-9dba50f\"   >\u00c9paisseur<\/th>\t\t\t\t<\/tr>\n\t\t\t<\/thead>\n\t\t\t\t\t\t<tbody class=\"tafe-table-body\">\n\t\t\t\t<tr>\n\t\t\t\t\t<td data-label=\"Cod. Num.\"   class=\"elementor-repeater-item-03fb09f td-content-type-default\" >1216500<\/td><td data-label=\"Mod\u00e8le B\"   class=\"elementor-repeater-item-2c818b4 td-content-type-default\" >1435-D<\/td><td data-label=\"Poids\"   class=\"elementor-repeater-item-170a737 td-content-type-default\" >1,05<\/td><td data-label=\"Unit\u00e9s\/bo\u00eete\"   class=\"elementor-repeater-item-4be192d td-content-type-default\" >100<\/td><td data-label=\"Hauteur\"   class=\"elementor-repeater-item-271596b td-content-type-default\" >60<\/td><td data-label=\"Largeur\"   class=\"elementor-repeater-item-a68c4f9 td-content-type-default\" >250<\/td><td data-label=\"\u00c9paisseur\"   class=\"elementor-repeater-item-7a602ff td-content-type-default\" >8<\/td><\/tr><tr><td data-label=\"Cod. Num.\"   class=\"elementor-repeater-item-cb70a80 td-content-type-default\" >1216600<\/td><td data-label=\"Mod\u00e8le B\"   class=\"elementor-repeater-item-304c073 td-content-type-default\" >1435-I<\/td><td data-label=\"Poids\"   class=\"elementor-repeater-item-32decbb td-content-type-default\" >1,05<\/td><td data-label=\"Unit\u00e9s\/bo\u00eete\"   class=\"elementor-repeater-item-a6a3b5f td-content-type-default\" >100<\/td><td data-label=\"Hauteur\"   class=\"elementor-repeater-item-4d2e672 td-content-type-default\" >60<\/td><td data-label=\"Largeur\"   class=\"elementor-repeater-item-14741de td-content-type-default\" >250<\/td><td data-label=\"\u00c9paisseur\"   class=\"elementor-repeater-item-c81aa1c td-content-type-default\" >8<\/td>\t\t\t\t<\/tr>\n\t\t\t<\/tbody>\n\t\t<\/table>\n\t\t\n\t\t\t\t\t\t<\/div>\n\t\t\t\t<\/div>\n\t\t\t\t\t<\/div>\n\t\t<\/div>\n\t\t\t\t\t<\/div>\n\t\t<\/section>\n\t\t\t\t<\/div>\n\t\t","protected":false},"excerpt":{"rendered":"<p>Pi\u00e8ces d\u00b4usure adaptables \u00e0 Gil Gil Gregorie Besson Kverneland kuhn Lanau Lemken \u00d6verum Vogel &#038; Noot Autres fabricants X VERSOIR Cod. Num. Mod\u00e8le B Poids Unit\u00e9s\/bo\u00eete Hauteur Largeur \u00c9paisseur 1216301 1886-D 5,40 100 221 523 8 SOC \u00c0 POINTE Cod. Num. Mod\u00e8le B Poids Unit\u00e9s\/bo\u00eete Hauteur Largeur \u00c9paisseur 1216400 1439-D 2,75 100 125 360 9 [&hellip;]<\/p>\n","protected":false},"author":1,"featured_media":0,"parent":0,"menu_order":0,"comment_status":"closed","ping_status":"closed","template":"elementor_header_footer","meta":{"footnotes":""},"class_list":["post-24148","page","type-page","status-publish","hentry"],"_links":{"self":[{"href":"https:\/\/campoagricola.es\/index.php\/wp-json\/wp\/v2\/pages\/24148","targetHints":{"allow":["GET"]}}],"collection":[{"href":"https:\/\/campoagricola.es\/index.php\/wp-json\/wp\/v2\/pages"}],"about":[{"href":"https:\/\/campoagricola.es\/index.php\/wp-json\/wp\/v2\/types\/page"}],"author":[{"embeddable":true,"href":"https:\/\/campoagricola.es\/index.php\/wp-json\/wp\/v2\/users\/1"}],"replies":[{"embeddable":true,"href":"https:\/\/campoagricola.es\/index.php\/wp-json\/wp\/v2\/comments?post=24148"}],"version-history":[{"count":40,"href":"https:\/\/campoagricola.es\/index.php\/wp-json\/wp\/v2\/pages\/24148\/revisions"}],"predecessor-version":[{"id":42097,"href":"https:\/\/campoagricola.es\/index.php\/wp-json\/wp\/v2\/pages\/24148\/revisions\/42097"}],"wp:attachment":[{"href":"https:\/\/campoagricola.es\/index.php\/wp-json\/wp\/v2\/media?parent=24148"}],"curies":[{"name":"wp","href":"https:\/\/api.w.org\/{rel}","templated":true}]}}