{"id":34569,"date":"2022-11-04T11:33:40","date_gmt":"2022-11-04T11:33:40","guid":{"rendered":"https:\/\/campoagricola.es\/?page_id=34569"},"modified":"2022-11-08T17:06:02","modified_gmt":"2022-11-08T17:06:02","slug":"aviso-legal","status":"publish","type":"page","link":"https:\/\/campoagricola.es\/index.php\/aviso-legal\/","title":{"rendered":"Aviso legal"},"content":{"rendered":"\t\t<div data-elementor-type=\"wp-page\" data-elementor-id=\"34569\" class=\"elementor elementor-34569\" data-elementor-settings=\"{&quot;ha_cmc_init_switcher&quot;:&quot;no&quot;}\">\n\t\t\t\t\t\t<section class=\"elementor-section elementor-top-section elementor-element elementor-element-46ed83b elementor-section-height-min-height elementor-section-boxed elementor-section-height-default elementor-section-items-middle\" data-id=\"46ed83b\" data-element_type=\"section\" data-e-type=\"section\" data-settings=\"{&quot;background_background&quot;:&quot;classic&quot;,&quot;_ha_eqh_enable&quot;:false,&quot;ekit_has_onepagescroll_dot&quot;:&quot;yes&quot;}\">\n\t\t\t\t\t\t\t<div class=\"elementor-background-overlay\"><\/div>\n\t\t\t\t\t\t\t<div class=\"elementor-container elementor-column-gap-wider\">\n\t\t\t\t\t<div class=\"elementor-column elementor-col-100 elementor-top-column elementor-element elementor-element-e33527f\" data-id=\"e33527f\" data-element_type=\"column\" data-e-type=\"column\">\n\t\t\t<div class=\"elementor-widget-wrap elementor-element-populated\">\n\t\t\t\t\t\t<div class=\"elementor-element elementor-element-f40766a elementor-widget elementor-widget-heading\" data-id=\"f40766a\" data-element_type=\"widget\" data-e-type=\"widget\" data-settings=\"{&quot;ekit_we_effect_on&quot;:&quot;none&quot;}\" data-widget_type=\"heading.default\">\n\t\t\t\t<div class=\"elementor-widget-container\">\n\t\t\t\t\t<h1 class=\"elementor-heading-title elementor-size-default\">Aviso legal<\/h1>\t\t\t\t<\/div>\n\t\t\t\t<\/div>\n\t\t\t\t\t<\/div>\n\t\t<\/div>\n\t\t\t\t\t<\/div>\n\t\t<\/section>\n\t\t\t\t<section class=\"elementor-section elementor-top-section elementor-element elementor-element-8d026b5 elementor-section-boxed elementor-section-height-default elementor-section-height-default\" data-id=\"8d026b5\" data-element_type=\"section\" data-e-type=\"section\" data-settings=\"{&quot;_ha_eqh_enable&quot;:false,&quot;ekit_has_onepagescroll_dot&quot;:&quot;yes&quot;}\">\n\t\t\t\t\t\t<div class=\"elementor-container elementor-column-gap-default\">\n\t\t\t\t\t<div class=\"elementor-column elementor-col-100 elementor-top-column elementor-element elementor-element-e0757d3\" data-id=\"e0757d3\" data-element_type=\"column\" data-e-type=\"column\">\n\t\t\t<div class=\"elementor-widget-wrap elementor-element-populated\">\n\t\t\t\t\t\t<div class=\"elementor-element elementor-element-d2b9e17 elementor-widget elementor-widget-text-editor\" data-id=\"d2b9e17\" data-element_type=\"widget\" data-e-type=\"widget\" data-settings=\"{&quot;ekit_we_effect_on&quot;:&quot;none&quot;}\" data-widget_type=\"text-editor.default\">\n\t\t\t\t<div class=\"elementor-widget-container\">\n\t\t\t\t\t\t\t\t\t<p><strong>1. Identidad del titular de la presente web<\/strong><\/p><ul><li><strong>Raz\u00f3n social:<\/strong><br \/>Repuestos Agr\u00edcolas Campoagr\u00edcola, S.L.<\/li><li><strong>C.I.F. n\u00ba:<\/strong><br \/>B-31860935<\/li><li><strong>Direcci\u00f3n:<\/strong><br \/>Pol\u00edgono Industrial Comarca II, Calle A, nave 14. \u00a0 31191, BARBAT\u00c1IN. Navarra. Spain<\/li><li><strong>Email de contacto:<\/strong><br \/>campoagricola@campoagricola.es<\/li><\/ul><p><strong>\u00a0<\/strong><\/p><p><strong>2. Condiciones generales de uso de este sitio web<\/strong><\/p><p>Acceso a esta p\u00e1gina web le atribuye la condici\u00f3n de \u201cusuario\u201d, lo cual implica su aceptaci\u00f3n expresa y sin reservas de las condiciones legales que est\u00e9n publicadas en www.campoagricola.es en el momento en que acceda a la web. Por lo tanto, el usuario deber\u00e1 leer las presentes condiciones generales de uso siempre que se proponga acceder y, en su caso, utilizar los servicios prestados a trav\u00e9s de esta web, ya que estas condiciones pueden sufrir modificaciones. En este sentido, se entender\u00e1 por \u201cusuario\u201d a toda persona que acceda, navegue, utilice o participe en los servicios y actividades, gratuitas u onerosas, desarrolladas en www.campoagricola.es.<\/p><p><strong>2.1. Objeto y \u00e1mbito de aplicaci\u00f3n<\/strong><\/p><p>Las presentes condiciones generales de uso regulan el acceso, navegaci\u00f3n, contrataci\u00f3n de servicios y uso de www.campoagricola.es as\u00ed como las responsabilidades derivadas de la utilizaci\u00f3n de sus contenidos tales como los textos, gr\u00e1ficos, dibujos, dise\u00f1os, c\u00f3digos, software, fotograf\u00edas, m\u00fasica, v\u00eddeos, sonidos, bases de datos, im\u00e1genes, expresiones e informaciones y cualquier otra creaci\u00f3n protegida por las leyes nacionales y los tratados internacionales sobre propiedad intelectual e industrial. Repuestos Agr\u00edcolas Campoagr\u00edcola, S.L., (en adelante, Campoagr\u00edcola) podr\u00e1 establecer condiciones particulares que ser\u00e1n de aplicaci\u00f3n para el uso y\/o contrataci\u00f3n de servicios espec\u00edficos, siendo las presentes condiciones generales de aplicaci\u00f3n supletoria. En el supuesto de contradicci\u00f3n entre lo establecido en las condiciones particulares y las condiciones generales, primar\u00e1 la aplicaci\u00f3n de condiciones particulares.<\/p><p><strong>2.2. Condiciones acceso y utilizaci\u00f3n de los servicios<\/strong><\/p><ol><li>El acceso a www.campoagricola.es en principio tiene car\u00e1cter libre y gratuito. No obstante, algunos de los servicios y contenidos pueden encontrarse sujetos a la contrataci\u00f3n previa del servicio o producto, siendo de aplicaci\u00f3n en esos casos las condiciones particulares publicadas al efecto.<\/li><li>En todo momento, el usuario debe realizar un uso l\u00edcito de los servicios de la presente web de acuerdo con las presentes condiciones generales, la legalidad vigente, la moral y el orden p\u00fablico, as\u00ed como las pr\u00e1cticas generalmente aceptadas en Internet.<\/li><li>El usuario garantiza que toda la informaci\u00f3n aportada a trav\u00e9s de los formularios incluidos en esta web es l\u00edcita, real, exacta, veraz y actualizada. Ser\u00e1 exclusiva responsabilidad del usuario la comunicaci\u00f3n inmediata a Campoagr\u00edcola de cualquier modificaci\u00f3n que pueda darse en la informaci\u00f3n suministrada.<\/li><li>El usuario se abstendr\u00e1 de introducir virus, programas, macros o cualquier secuencia de caracteres con la finalidad de da\u00f1ar o alterar los sistemas inform\u00e1ticos de esta web; obstaculizar el acceso de otros usuarios mediante el consumo masivo de recursos; captar datos incluidos en esta web con finalidad publicitaria; reproducir, copiar, distribuir, transformar o poner a disposici\u00f3n de terceros los contenidos incluidos en esta web; realizar acciones a trav\u00e9s de los servicios incluidos en esta web que puedan lesionar la propiedad intelectual, secretos industriales, compromisos contractuales, derechos al honor, a la imagen y la intimidad personal de terceros; realizar acciones de competencia desleal y publicidad il\u00edcita.<\/li><li>Derechos de propiedad intelectual e industrial<\/li><\/ol><p>Campoagr\u00edcola es titular de los derechos de propiedad intelectual e industrial de todos los elementos que integran www.campoagricola.es, incluyendo la marca, nombre comercial o signo distintivo. En particular, y a t\u00edtulo no limitativo, est\u00e1n protegidos por los derechos de autor, el dise\u00f1o gr\u00e1fico, c\u00f3digo fuente, logos, textos, gr\u00e1ficos, ilustraciones, fotograf\u00edas, sonidos y dem\u00e1s elementos contenidos en el sitio web. En ning\u00fan caso, el acceso o navegaci\u00f3n en www.campoagricola.es implica renuncia, transmisi\u00f3n o licencia total o parcial de Campoagr\u00edcola para uso personal al usuario sobre los derechos de propiedad intelectual e industrial. Por ello, el usuario reconoce que la reproducci\u00f3n, copiado, distribuci\u00f3n, comercializaci\u00f3n, transformaci\u00f3n, reutilizaci\u00f3n, comunicaci\u00f3n p\u00fablica y, en general, cualquier otra forma de explotaci\u00f3n por cualquier procedimiento, de todo o parte de los contenidos de www.campoagricola.es, sin autorizaci\u00f3n expresa y por escrito de Campoagr\u00edcola, constituye una infracci\u00f3n de los derechos de propiedad intelectual y\/o industrial.<\/p><p>El usuario de este Sitio Web se compromete a respetar los derechos mencionados y a evitar cualquier actuaci\u00f3n que pudiera perjudicarlos. En este sentido Campoagr\u00edcola deja hecha expresa reserva del ejercicio de cuantas acciones, tanto civiles como penales, amparen sus leg\u00edtimos derechos de propiedad intelectual e industrial.<\/p><ol><li>La informaci\u00f3n publicada puede sufrir variaciones, por ejemplo, en disponibilidades de servicios, modalidades o precios. Por tanto, al usuario le resultar\u00e1n aplicables las condiciones legales que est\u00e9n publicadas en www.campoagricola.es en el momento de realizar la contrataci\u00f3n.<\/li><li>Campoagr\u00edcola declara que ha adoptado las medidas tanto t\u00e9cnicas como organizativas que, dentro de sus posibilidades y el estado de la tecnolog\u00eda, permitan el correcto funcionamiento de la web, as\u00ed como la ausencia de virus y componentes da\u00f1inos. Sin embargo, no puede hacerse responsable de: (a) la continuidad y disponibilidad de los contenidos y servicios recogidos en www.campoagricola.es; (b) la ausencia de errores en dichos contenidos ni la correcci\u00f3n de cualquier defecto que pudiera ocurrir; (c) la ausencia de virus y\/o dem\u00e1s componentes da\u00f1inos en www.campoagricola.es; (d) la inexpugnabilidad de las medidas de seguridad que se han adoptado; (e) los da\u00f1os o perjuicios que cause cualquier persona que vulnere los sistemas de seguridad de www.campoagricola.es.<\/li><li>El usuario ser\u00e1 el \u00fanico responsable ante terceros de cualquier comunicaci\u00f3n enviada personalmente o a su nombre a www.lapina.es, as\u00ed como del uso ileg\u00edtimo de los contenidos y servicios contenidos en esta web.<\/li><li>Campoagr\u00edcola se reserva el derecho a suspender temporalmente y sin previo aviso la accesibilidad a www.campoagricola.es con motivo de operaciones de mantenimiento, reparaci\u00f3n, actualizaci\u00f3n o mejora. Siempre que las circunstancias lo permitan, Campoagr\u00edcola publicar\u00e1 en su web, con antelaci\u00f3n suficiente, un aviso indicando la fecha prevista para la suspensi\u00f3n de los servicios.<\/li><li>Los enlaces a otras p\u00e1ginas web que en su caso existan en www.campoagricola.es pueden llevarle a sitios web de los que Campoagr\u00edcola no asume ninguna responsabilidad ya que no tiene ning\u00fan tipo de control sobre los mismos, siendo su finalidad informar al usuario de otras fuentes de informaci\u00f3n, por lo que el usuario accede bajo su exclusiva responsabilidad al contenido y en las condiciones de uso que rijan en los mismos. Campoagr\u00edcola no puede hacerse responsable del contenido de p\u00e1ginas web de terceros que decidan incluir hiperenlaces con nuestra web.<\/li><li>Campoagr\u00edcola no se responsabiliza del uso que los usuarios puedan hacer de los contenidos y servicios incluidos en su web, ni de que estos respeten las presentes condiciones de uso. En todo caso, Campoagr\u00edcola se reserva la posibilidad de adoptar las medidas legales que correspondan e iniciar los procedimientos necesarios para la depuraci\u00f3n de responsabilidades por actuaciones contrarias a la legalidad vigente, la \u00e9tica o el orden p\u00fablico, as\u00ed como a advertir y retirar cualesquiera manifestaciones que resulten racistas, discriminatorias, sexistas difamatorias, injuriosas, ofensivas, obscenas o que contravengan contra las normas \u00e9ticas m\u00e1s elementales.<\/li><li>Campoagr\u00edcola se reserva el derecho a modificar, total o parcialmente, las presentes condiciones generales de acceso publicando los cambios www.campoagricola.es. Asimismo, podr\u00e1 efectuar sin previo aviso las modificaciones que considere oportunas en el sitio web, pudiendo cambiar, suprimir o a\u00f1adir tanto los contenidos y servicios que presta, como la forma en la que estos aparezcan presentados o localizados. En consecuencia, se entender\u00e1n como vigentes las condiciones generales que est\u00e9n publicadas en el momento en el que el usuario acceda a www.campoagricola.es, por lo que el usuario deber\u00e1 leer peri\u00f3dicamente dichas condiciones de uso.<\/li><li>Con independencia de lo dispuesto en las condiciones particulares, Campoagr\u00edcola podr\u00e1 dar por terminado, suspender o interrumpir, en cualquier momento y sin necesidad de preaviso, el acceso a los contenidos de la p\u00e1gina sin posibilidad por parte del usuario de exigir indemnizaci\u00f3n alguna.<\/li><\/ol><p>Las relaciones establecidas entre Campoagr\u00edcola y el usuario se regir\u00e1n por lo dispuesto en la normativa vigente acerca de la legislaci\u00f3n aplicable y la jurisdicci\u00f3n competente. No obstante, para los casos en los que la normativa otorgue la posibilidad a las partes de someterse a un fuero, Campoagr\u00edcola y el usuario, con renuncia expresa a cualquier otro fuero que pudiera corresponderles, se someten a la legislaci\u00f3n espa\u00f1ola y a los juzgados y tribunales de la ciudad de Pamplona.<\/p>\t\t\t\t\t\t\t\t<\/div>\n\t\t\t\t<\/div>\n\t\t\t\t\t<\/div>\n\t\t<\/div>\n\t\t\t\t\t<\/div>\n\t\t<\/section>\n\t\t\t\t<\/div>\n\t\t","protected":false},"excerpt":{"rendered":"<p>Aviso legal 1. Identidad del titular de la presente web Raz\u00f3n social:Repuestos Agr\u00edcolas Campoagr\u00edcola, S.L. C.I.F. n\u00ba:B-31860935 Direcci\u00f3n:Pol\u00edgono Industrial Comarca II, Calle A, nave 14. \u00a0 31191, BARBAT\u00c1IN. Navarra. Spain Email de contacto:campoagricola@campoagricola.es \u00a0 2. Condiciones generales de uso de este sitio web Acceso a esta p\u00e1gina web le atribuye la condici\u00f3n de \u201cusuario\u201d, lo [&hellip;]<\/p>\n","protected":false},"author":1,"featured_media":0,"parent":0,"menu_order":0,"comment_status":"closed","ping_status":"closed","template":"elementor_header_footer","meta":{"footnotes":""},"class_list":["post-34569","page","type-page","status-publish","hentry"],"_links":{"self":[{"href":"https:\/\/campoagricola.es\/index.php\/wp-json\/wp\/v2\/pages\/34569","targetHints":{"allow":["GET"]}}],"collection":[{"href":"https:\/\/campoagricola.es\/index.php\/wp-json\/wp\/v2\/pages"}],"about":[{"href":"https:\/\/campoagricola.es\/index.php\/wp-json\/wp\/v2\/types\/page"}],"author":[{"embeddable":true,"href":"https:\/\/campoagricola.es\/index.php\/wp-json\/wp\/v2\/users\/1"}],"replies":[{"embeddable":true,"href":"https:\/\/campoagricola.es\/index.php\/wp-json\/wp\/v2\/comments?post=34569"}],"version-history":[{"count":22,"href":"https:\/\/campoagricola.es\/index.php\/wp-json\/wp\/v2\/pages\/34569\/revisions"}],"predecessor-version":[{"id":34842,"href":"https:\/\/campoagricola.es\/index.php\/wp-json\/wp\/v2\/pages\/34569\/revisions\/34842"}],"wp:attachment":[{"href":"https:\/\/campoagricola.es\/index.php\/wp-json\/wp\/v2\/media?parent=34569"}],"curies":[{"name":"wp","href":"https:\/\/api.w.org\/{rel}","templated":true}]}}