{"id":40317,"date":"2023-04-04T09:26:40","date_gmt":"2023-04-04T09:26:40","guid":{"rendered":"https:\/\/campoagricola.es\/?page_id=40317"},"modified":"2023-10-27T10:05:24","modified_gmt":"2023-10-27T10:05:24","slug":"rouleaux-de-lames","status":"publish","type":"page","link":"https:\/\/campoagricola.es\/index.php\/rouleaux-de-lames\/","title":{"rendered":"Rouleaux de lames"},"content":{"rendered":"\t\t<div data-elementor-type=\"wp-page\" data-elementor-id=\"40317\" class=\"elementor elementor-40317\" data-elementor-settings=\"{&quot;ha_cmc_init_switcher&quot;:&quot;no&quot;}\">\n\t\t\t\t\t\t<section class=\"elementor-section elementor-top-section elementor-element elementor-element-f7ce471 elementor-section-height-min-height elementor-section-boxed elementor-section-height-default elementor-section-items-middle\" data-id=\"f7ce471\" data-element_type=\"section\" data-e-type=\"section\" data-settings=\"{&quot;background_background&quot;:&quot;classic&quot;,&quot;_ha_eqh_enable&quot;:false,&quot;ekit_has_onepagescroll_dot&quot;:&quot;yes&quot;}\">\n\t\t\t\t\t\t\t<div class=\"elementor-background-overlay\"><\/div>\n\t\t\t\t\t\t\t<div class=\"elementor-container elementor-column-gap-wider\">\n\t\t\t\t\t<div class=\"elementor-column elementor-col-100 elementor-top-column elementor-element elementor-element-8932f2e\" data-id=\"8932f2e\" data-element_type=\"column\" data-e-type=\"column\">\n\t\t\t<div class=\"elementor-widget-wrap elementor-element-populated\">\n\t\t\t\t\t\t<div class=\"elementor-element elementor-element-5948044 elementor-widget elementor-widget-heading\" data-id=\"5948044\" data-element_type=\"widget\" data-e-type=\"widget\" data-settings=\"{&quot;ekit_we_effect_on&quot;:&quot;none&quot;}\" data-widget_type=\"heading.default\">\n\t\t\t\t<div class=\"elementor-widget-container\">\n\t\t\t\t\t<h1 class=\"elementor-heading-title elementor-size-default\">Rouleaux de lames<\/h1>\t\t\t\t<\/div>\n\t\t\t\t<\/div>\n\t\t\t\t\t<\/div>\n\t\t<\/div>\n\t\t\t\t\t<\/div>\n\t\t<\/section>\n\t\t\t\t<section class=\"elementor-section elementor-top-section elementor-element elementor-element-524be8a elementor-section-full_width elementor-section-height-default elementor-section-height-default\" data-id=\"524be8a\" data-element_type=\"section\" data-e-type=\"section\" data-settings=\"{&quot;_ha_eqh_enable&quot;:false,&quot;ekit_has_onepagescroll_dot&quot;:&quot;yes&quot;}\">\n\t\t\t\t\t\t<div class=\"elementor-container elementor-column-gap-default\">\n\t\t\t\t\t<div class=\"elementor-column elementor-col-100 elementor-top-column elementor-element elementor-element-ff4aa05\" data-id=\"ff4aa05\" data-element_type=\"column\" data-e-type=\"column\">\n\t\t\t<div class=\"elementor-widget-wrap elementor-element-populated\">\n\t\t\t\t\t\t<div class=\"elementor-element elementor-element-6da3d08 elementor-widget elementor-widget-ekit-nav-menu\" data-id=\"6da3d08\" data-element_type=\"widget\" data-e-type=\"widget\" data-settings=\"{&quot;ekit_we_effect_on&quot;:&quot;none&quot;}\" data-widget_type=\"ekit-nav-menu.default\">\n\t\t\t\t<div class=\"elementor-widget-container\">\n\t\t\t\t\t\t\t<nav class=\"ekit-wid-con ekit_menu_responsive_tablet\"\n\t\t\tdata-hamburger-icon=\"\"\n\t\t\tdata-hamburger-icon-type=\"icon\"\n\t\t\tdata-responsive-breakpoint=\"1024\">\n\t\t\t            <button class=\"elementskit-menu-hamburger elementskit-menu-toggler\"  type=\"button\" aria-label=\"hamburger-icon\">\n                                    <span class=\"elementskit-menu-hamburger-icon\"><\/span><span class=\"elementskit-menu-hamburger-icon\"><\/span><span class=\"elementskit-menu-hamburger-icon\"><\/span>\n                            <\/button>\n            <div id=\"ekit-megamenu-brazos-frances\" class=\"elementskit-menu-container elementskit-menu-offcanvas-elements elementskit-navbar-nav-default ekit-nav-menu-one-page-no ekit-nav-dropdown-hover\"><ul id=\"menu-brazos-frances\" class=\"elementskit-navbar-nav elementskit-menu-po-center submenu-click-on-icon\"><li id=\"menu-item-38162\" class=\"menu-item menu-item-type-post_type menu-item-object-page menu-item-38162 nav-item nav-item elementskit-mobile-builder-content\" data-vertical-menu=750px><a href=\"https:\/\/campoagricola.es\/index.php\/dents-a-double-spire-et-chisel\/\" class=\"ekit-menu-nav-link\">Dents \u00e0 double spire et chisel<\/a><\/li>\n<li id=\"menu-item-38161\" class=\"menu-item menu-item-type-post_type menu-item-object-page menu-item-38161 nav-item nav-item elementskit-mobile-builder-content\" data-vertical-menu=750px><a href=\"https:\/\/campoagricola.es\/index.php\/dents-desherbeurs\/\" class=\"ekit-menu-nav-link\">Dents d\u00e9sherbeurs<\/a><\/li>\n<li id=\"menu-item-40347\" class=\"menu-item menu-item-type-post_type menu-item-object-page menu-item-40347 nav-item nav-item elementskit-mobile-builder-content\" data-vertical-menu=750px><a href=\"https:\/\/campoagricola.es\/index.php\/dent-efface-trace\/\" class=\"ekit-menu-nav-link\">Dent efface-trace<\/a><\/li>\n<li id=\"menu-item-38160\" class=\"menu-item menu-item-type-post_type menu-item-object-page menu-item-38160 nav-item nav-item elementskit-mobile-builder-content\" data-vertical-menu=750px><a href=\"https:\/\/campoagricola.es\/index.php\/dents-de-vibro\/\" class=\"ekit-menu-nav-link\">Dents de vibro<\/a><\/li>\n<li id=\"menu-item-38159\" class=\"menu-item menu-item-type-post_type menu-item-object-page menu-item-38159 nav-item nav-item elementskit-mobile-builder-content\" data-vertical-menu=750px><a href=\"https:\/\/campoagricola.es\/index.php\/autres-modeles-ddents\/\" class=\"ekit-menu-nav-link\">Autres mod\u00e8les de dents<\/a><\/li>\n<li id=\"menu-item-40345\" class=\"menu-item menu-item-type-post_type menu-item-object-page menu-item-40345 nav-item nav-item elementskit-mobile-builder-content\" data-vertical-menu=750px><a href=\"https:\/\/campoagricola.es\/index.php\/rouleaux-de-lames\/\" class=\"ekit-menu-nav-link\">Rouleaux de lames<\/a><\/li>\n<li id=\"menu-item-40346\" class=\"menu-item menu-item-type-post_type menu-item-object-page menu-item-40346 nav-item nav-item elementskit-mobile-builder-content\" data-vertical-menu=750px><a href=\"https:\/\/campoagricola.es\/index.php\/brides-pour-dents\/\" class=\"ekit-menu-nav-link\">Brides pour dents<\/a><\/li>\n<\/ul><div class=\"elementskit-nav-identity-panel\"><button class=\"elementskit-menu-close elementskit-menu-toggler\" type=\"button\">X<\/button><\/div><\/div>\n\t\t\t<div class=\"elementskit-menu-overlay elementskit-menu-offcanvas-elements elementskit-menu-toggler ekit-nav-menu--overlay\"><\/div>        <\/nav>\n\t\t\t\t\t\t<\/div>\n\t\t\t\t<\/div>\n\t\t\t\t\t<\/div>\n\t\t<\/div>\n\t\t\t\t\t<\/div>\n\t\t<\/section>\n\t\t\t\t<section class=\"elementor-section elementor-top-section elementor-element elementor-element-6153da6 elementor-section-boxed elementor-section-height-default elementor-section-height-default\" data-id=\"6153da6\" data-element_type=\"section\" data-e-type=\"section\" data-settings=\"{&quot;_ha_eqh_enable&quot;:false,&quot;ekit_has_onepagescroll_dot&quot;:&quot;yes&quot;}\">\n\t\t\t\t\t\t<div class=\"elementor-container elementor-column-gap-default\">\n\t\t\t\t\t<div class=\"elementor-column elementor-col-100 elementor-top-column elementor-element elementor-element-73b4627\" data-id=\"73b4627\" data-element_type=\"column\" data-e-type=\"column\">\n\t\t\t<div class=\"elementor-widget-wrap elementor-element-populated\">\n\t\t\t\t\t\t<div class=\"elementor-element elementor-element-7b612cd elementor-widget elementor-widget-heading\" data-id=\"7b612cd\" data-element_type=\"widget\" data-e-type=\"widget\" data-settings=\"{&quot;ekit_we_effect_on&quot;:&quot;none&quot;}\" data-widget_type=\"heading.default\">\n\t\t\t\t<div class=\"elementor-widget-container\">\n\t\t\t\t\t<h3 class=\"elementor-heading-title elementor-size-default\">ROULEAUX DE LAMES<\/h3>\t\t\t\t<\/div>\n\t\t\t\t<\/div>\n\t\t\t\t\t<\/div>\n\t\t<\/div>\n\t\t\t\t\t<\/div>\n\t\t<\/section>\n\t\t\t\t<section class=\"elementor-section elementor-top-section elementor-element elementor-element-c41ccf2 elementor-section-boxed elementor-section-height-default elementor-section-height-default\" data-id=\"c41ccf2\" data-element_type=\"section\" data-e-type=\"section\" data-settings=\"{&quot;_ha_eqh_enable&quot;:false,&quot;ekit_has_onepagescroll_dot&quot;:&quot;yes&quot;}\">\n\t\t\t\t\t\t<div class=\"elementor-container elementor-column-gap-default\">\n\t\t\t\t\t<div class=\"elementor-column elementor-col-50 elementor-top-column elementor-element elementor-element-6924e60\" data-id=\"6924e60\" data-element_type=\"column\" data-e-type=\"column\">\n\t\t\t<div class=\"elementor-widget-wrap elementor-element-populated\">\n\t\t\t\t\t\t<div class=\"elementor-element elementor-element-ef96ca8 elementor-widget elementor-widget-image\" data-id=\"ef96ca8\" data-element_type=\"widget\" data-e-type=\"widget\" data-settings=\"{&quot;ekit_we_effect_on&quot;:&quot;none&quot;}\" data-widget_type=\"image.default\">\n\t\t\t\t<div class=\"elementor-widget-container\">\n\t\t\t\t\t\t\t\t\t\t\t\t\t\t\t<img fetchpriority=\"high\" decoding=\"async\" width=\"394\" height=\"434\" src=\"https:\/\/campoagricola.es\/wp-content\/uploads\/2022\/06\/rodillo.jpg\" class=\"attachment-large size-large wp-image-31865\" alt=\"\" srcset=\"https:\/\/campoagricola.es\/wp-content\/uploads\/2022\/06\/rodillo.jpg 394w, https:\/\/campoagricola.es\/wp-content\/uploads\/2022\/06\/rodillo-272x300.jpg 272w\" sizes=\"(max-width: 394px) 100vw, 394px\" \/>\t\t\t\t\t\t\t\t\t\t\t\t\t\t\t<\/div>\n\t\t\t\t<\/div>\n\t\t\t\t\t<\/div>\n\t\t<\/div>\n\t\t\t\t<div class=\"elementor-column elementor-col-50 elementor-top-column elementor-element elementor-element-36c31d6\" data-id=\"36c31d6\" data-element_type=\"column\" data-e-type=\"column\">\n\t\t\t<div class=\"elementor-widget-wrap elementor-element-populated\">\n\t\t\t\t\t\t<div class=\"elementor-element elementor-element-20724ff elementor-widget elementor-widget-Table\" data-id=\"20724ff\" data-element_type=\"widget\" data-e-type=\"widget\" data-settings=\"{&quot;ekit_we_effect_on&quot;:&quot;none&quot;}\" data-widget_type=\"Table.default\">\n\t\t\t\t<div class=\"elementor-widget-container\">\n\t\t\t\t\t\t\t<table class=\"tafe-table \">\n\t\t\t<thead  class=\"tafe-table-header\">\n\t\t\t\t<tr>\n\t\t\t\t\t<th class=\"elementor-inline-editing elementor-repeater-item-a9d6ce6\"   >Cod. Num.<\/th><th class=\"elementor-inline-editing elementor-repeater-item-abf901a\"   >Cod. Bianchi<\/th><th class=\"elementor-inline-editing elementor-repeater-item-c428df9\"   >Mod\u00e8le <\/th><th class=\"elementor-inline-editing elementor-repeater-item-5fff6f3\"   >Section<\/th><th class=\"elementor-inline-editing elementor-repeater-item-b5d5860\"   >Hauteur<\/th><th class=\"elementor-inline-editing elementor-repeater-item-20fe760\"   >Largeur<\/th><th class=\"elementor-inline-editing elementor-repeater-item-20555be\"   >Poids<\/th>\t\t\t\t<\/tr>\n\t\t\t<\/thead>\n\t\t\t\t\t\t<tbody class=\"tafe-table-body\">\n\t\t\t\t<tr>\n\t\t\t\t\t<\/tr><tr><td data-label=\"Cod. Num.\"   class=\"elementor-repeater-item-cb70a80 td-content-type-default\" >0407300<\/td><td data-label=\"Cod. Bianchi\"   class=\"elementor-repeater-item-4be192d td-content-type-default\" >301731<\/td><td data-label=\"Mod\u00e8le\"   class=\"elementor-repeater-item-4efe823 td-content-type-default\" >lame pour rouleaux <\/td><td data-label=\"Section\"   class=\"elementor-repeater-item-8b586c7 td-content-type-default\" >60 x 9<\/td><td data-label=\"Hauteur\"   class=\"elementor-repeater-item-9bcd847 td-content-type-default\" >253<\/td><td data-label=\"Largeur\"   class=\"elementor-repeater-item-71a7817 td-content-type-default\" >250<\/td><td data-label=\"Poids\"   class=\"elementor-repeater-item-d187128 td-content-type-default\" >2,00<\/td><\/tr><tr><td data-label=\"Cod. Num.\"   class=\"elementor-repeater-item-e9364d8 td-content-type-default\" >0407400<\/td><td data-label=\"Cod. Bianchi\"   class=\"elementor-repeater-item-1cbec76 td-content-type-default\" >301741<\/td><td data-label=\"Mod\u00e8le\"   class=\"elementor-repeater-item-259a9fb td-content-type-default\" >Deflecteur central<\/td><td data-label=\"Section\"   class=\"elementor-repeater-item-26e85b3 td-content-type-default\" >60 x 9<\/td><td data-label=\"Hauteur\"   class=\"elementor-repeater-item-6496c6b td-content-type-default\" >550<\/td><td data-label=\"Largeur\"   class=\"elementor-repeater-item-864b162 td-content-type-default\" >100<\/td><td data-label=\"Poids\"   class=\"elementor-repeater-item-006e194 td-content-type-default\" >2,34<\/td><\/tr><tr><td data-label=\"Cod. Num.\"   class=\"elementor-repeater-item-7c65ac6 td-content-type-default\" >0407500<\/td><td data-label=\"Cod. Bianchi\"   class=\"elementor-repeater-item-b3300d9 td-content-type-default\" >301742<\/td><td data-label=\"Mod\u00e8le\"   class=\"elementor-repeater-item-73d618c td-content-type-default\" >Soc deflecteur <\/td><td data-label=\"Section\"   class=\"elementor-repeater-item-1fae7cc td-content-type-default\" >60 x 9<\/td><td data-label=\"Hauteur\"   class=\"elementor-repeater-item-f7641f0 td-content-type-default\" >430<\/td><td data-label=\"Largeur\"   class=\"elementor-repeater-item-bfa3a14 td-content-type-default\" >-<\/td><td data-label=\"Poids\"   class=\"elementor-repeater-item-6e24803 td-content-type-default\" >1,83<\/td>\t\t\t\t<\/tr>\n\t\t\t<\/tbody>\n\t\t<\/table>\n\t\t\n\t\t\t\t\t\t<\/div>\n\t\t\t\t<\/div>\n\t\t\t\t\t<\/div>\n\t\t<\/div>\n\t\t\t\t\t<\/div>\n\t\t<\/section>\n\t\t\t\t<\/div>\n\t\t","protected":false},"excerpt":{"rendered":"<p>Rouleaux de lames Dents \u00e0 double spire et chisel Dents d\u00e9sherbeurs Dent efface-trace Dents de vibro Autres mod\u00e8les de dents Rouleaux de lames Brides pour dents X ROULEAUX DE LAMES Cod. Num. Cod. Bianchi Mod\u00e8le Section Hauteur Largeur Poids 0407300 301731 lame pour rouleaux 60 x 9 253 250 2,00 0407400 301741 Deflecteur central 60 [&hellip;]<\/p>\n","protected":false},"author":1,"featured_media":0,"parent":0,"menu_order":0,"comment_status":"closed","ping_status":"closed","template":"elementor_header_footer","meta":{"footnotes":""},"class_list":["post-40317","page","type-page","status-publish","hentry"],"_links":{"self":[{"href":"https:\/\/campoagricola.es\/index.php\/wp-json\/wp\/v2\/pages\/40317","targetHints":{"allow":["GET"]}}],"collection":[{"href":"https:\/\/campoagricola.es\/index.php\/wp-json\/wp\/v2\/pages"}],"about":[{"href":"https:\/\/campoagricola.es\/index.php\/wp-json\/wp\/v2\/types\/page"}],"author":[{"embeddable":true,"href":"https:\/\/campoagricola.es\/index.php\/wp-json\/wp\/v2\/users\/1"}],"replies":[{"embeddable":true,"href":"https:\/\/campoagricola.es\/index.php\/wp-json\/wp\/v2\/comments?post=40317"}],"version-history":[{"count":16,"href":"https:\/\/campoagricola.es\/index.php\/wp-json\/wp\/v2\/pages\/40317\/revisions"}],"predecessor-version":[{"id":42491,"href":"https:\/\/campoagricola.es\/index.php\/wp-json\/wp\/v2\/pages\/40317\/revisions\/42491"}],"wp:attachment":[{"href":"https:\/\/campoagricola.es\/index.php\/wp-json\/wp\/v2\/media?parent=40317"}],"curies":[{"name":"wp","href":"https:\/\/api.w.org\/{rel}","templated":true}]}}