{"id":49030,"date":"2025-06-13T10:24:33","date_gmt":"2025-06-13T10:24:33","guid":{"rendered":"https:\/\/campoagricola.es\/?page_id=49030"},"modified":"2025-06-13T10:25:31","modified_gmt":"2025-06-13T10:25:31","slug":"fabricantes-de-recambio-agricola-de-calidad","status":"publish","type":"page","link":"https:\/\/campoagricola.es\/index.php\/fabricantes-de-recambio-agricola-de-calidad\/","title":{"rendered":"&#10;Fabricantes de recambio agr\u00edcola de calidad"},"content":{"rendered":"\t\t<div data-elementor-type=\"wp-page\" data-elementor-id=\"49030\" class=\"elementor elementor-49030\" data-elementor-settings=\"{&quot;ha_cmc_init_switcher&quot;:&quot;no&quot;}\">\n\t\t\t\t\t\t<section class=\"elementor-section elementor-top-section elementor-element elementor-element-3b3eca0d elementor-section-boxed elementor-section-height-default elementor-section-height-default\" data-id=\"3b3eca0d\" data-element_type=\"section\" data-e-type=\"section\" data-settings=\"{&quot;_ha_eqh_enable&quot;:false,&quot;ekit_has_onepagescroll_dot&quot;:&quot;yes&quot;}\">\n\t\t\t\t\t\t<div class=\"elementor-container elementor-column-gap-default\">\n\t\t\t\t\t<div class=\"elementor-column elementor-col-100 elementor-top-column elementor-element elementor-element-71ed0459\" data-id=\"71ed0459\" data-element_type=\"column\" data-e-type=\"column\">\n\t\t\t<div class=\"elementor-widget-wrap elementor-element-populated\">\n\t\t\t\t\t\t<div class=\"elementor-element elementor-element-d180df0 elementor-widget elementor-widget-text-editor\" data-id=\"d180df0\" data-element_type=\"widget\" data-e-type=\"widget\" data-settings=\"{&quot;ekit_we_effect_on&quot;:&quot;none&quot;}\" data-widget_type=\"text-editor.default\">\n\t\t\t\t<div class=\"elementor-widget-container\">\n\t\t\t\t\t\t\t\t\t<h2 data-start=\"285\" data-end=\"348\">Soluciones resistentes y eficientes para maquinaria agr\u00edcola<\/h2><p data-start=\"264\" data-end=\"571\">En <strong data-start=\"267\" data-end=\"284\">Campoagr\u00edcola<\/strong> llevamos casi dos d\u00e9cadas acompa\u00f1ando al sector agr\u00edcola con soluciones de calidad, durabilidad y confianza. Fabricamos y distribuimos <strong>repuestos para maquinaria agr\u00edcola en Navarra<\/strong> adaptados a las necesidades reales del campo: resistentes, eficaces y con un dise\u00f1o pensado para el rendimiento. A continuaci\u00f3n te dejamos una serie de razones por las que elegirnos para <strong>Fabricantes de recambio agr\u00edcola de calidad<\/strong>:<\/p><h3 data-start=\"849\" data-end=\"898\">Experiencia contrastada en el sector agr\u00edcola<\/h3><p data-start=\"900\" data-end=\"1374\">Con m\u00e1s de 15 a\u00f1os de trayectoria, Campoagr\u00edcola ha crecido al ritmo del campo, entendiendo de primera mano los retos y exigencias de quienes trabajan la tierra. No solo fabricamos recambios: dise\u00f1amos soluciones pensadas para maximizar el rendimiento de cada equipo agr\u00edcola, con la seguridad que da el conocimiento t\u00e9cnico y la experiencia acumulada. Nuestra evoluci\u00f3n como empresa est\u00e1 respaldada por una red de clientes que conf\u00eda en la fiabilidad de nuestros productos.<\/p><h3 data-start=\"1376\" data-end=\"1424\">Amplio cat\u00e1logo con m\u00e1s de 2.400 referencias<\/h3><p data-start=\"1426\" data-end=\"1852\">Nuestro stock no solo cubre los recambios m\u00e1s comunes: tambi\u00e9n abarca piezas espec\u00edficas y componentes menos habituales, gracias a un cat\u00e1logo en constante expansi\u00f3n. Trabajamos con m\u00e1s de 400 modelos propios, lo que nos permite adaptarnos a las particularidades de cada cliente y tipo de maquinaria. Este enfoque nos convierte en un proveedor integral capaz de dar respuesta r\u00e1pida y precisa a cualquier necesidad del sector.<\/p><h3 data-start=\"1854\" data-end=\"1911\">Fabricaci\u00f3n propia con control de calidad certificado<\/h3><p data-start=\"1913\" data-end=\"2360\">En Campoagr\u00edcola no dependemos de terceros para garantizar la calidad: fabricamos directamente en nuestras instalaciones, bajo estrictos est\u00e1ndares t\u00e9cnicos. Contamos con certificaci\u00f3n <strong data-start=\"2098\" data-end=\"2115\">ISO 9001:2015<\/strong>, lo que nos permite asegurar trazabilidad, procesos eficientes y mejora continua. Desde la materia prima hasta el acabado final, cada pieza pasa por controles que garantizan su resistencia, fiabilidad y adaptaci\u00f3n al trabajo intensivo en campo.<\/p><h3 data-start=\"2362\" data-end=\"2411\">Servicio \u00e1gil, cercano y orientado al cliente<\/h3><p data-start=\"2413\" data-end=\"2839\">Sabemos que en agricultura, el tiempo es clave. Por eso, nuestro equipo comercial y log\u00edstico est\u00e1 preparado para ofrecer un servicio r\u00e1pido, personalizado y orientado a resolver cualquier incidencia. Adem\u00e1s, trabajamos codo a codo con distribuidores y profesionales para garantizar disponibilidad inmediata y un asesoramiento t\u00e9cnico eficaz. La cercan\u00eda y el compromiso humano son parte esencial de nuestra forma de trabajar.<\/p><h3 data-start=\"2841\" data-end=\"2902\">Capacidad de innovaci\u00f3n con dise\u00f1o y fabricaci\u00f3n a medida<\/h3><p data-start=\"2904\" data-end=\"3390\">Adem\u00e1s de nuestro cat\u00e1logo est\u00e1ndar, ofrecemos <strong data-start=\"2951\" data-end=\"3000\">dise\u00f1o y fabricaci\u00f3n de piezas personalizadas<\/strong>, incluso en forja y fundici\u00f3n de hasta 150 kg. Gracias a nuestro departamento t\u00e9cnico propio, desarrollamos soluciones adaptadas a las condiciones reales de uso, optimizando la geometr\u00eda, los materiales y los tratamientos para maximizar la durabilidad y el rendimiento. Esto nos permite ir m\u00e1s all\u00e1 del recambio tradicional y convertirnos en socios tecnol\u00f3gicos para el agricultor moderno.<\/p><p data-start=\"264\" data-end=\"571\">Si est\u00e1s interesado en <strong>Fabricantes de recambio agr\u00edcola de calidad<\/strong>, no dudes en escribirnos a trav\u00e9s del siguiente formulario de contacto:<\/p>\t\t\t\t\t\t\t\t<\/div>\n\t\t\t\t<\/div>\n\t\t\t\t\t<\/div>\n\t\t<\/div>\n\t\t\t\t\t<\/div>\n\t\t<\/section>\n\t\t\t\t<section class=\"elementor-section elementor-top-section elementor-element elementor-element-3be02a0 elementor-section-boxed elementor-section-height-default elementor-section-height-default\" data-id=\"3be02a0\" data-element_type=\"section\" data-e-type=\"section\" data-settings=\"{&quot;background_background&quot;:&quot;classic&quot;,&quot;_ha_eqh_enable&quot;:false,&quot;ekit_has_onepagescroll_dot&quot;:&quot;yes&quot;}\">\n\t\t\t\t\t\t<div class=\"elementor-container elementor-column-gap-default\">\n\t\t\t\t\t<div class=\"elementor-column elementor-col-100 elementor-top-column elementor-element elementor-element-c7d4736\" data-id=\"c7d4736\" data-element_type=\"column\" data-e-type=\"column\">\n\t\t\t<div class=\"elementor-widget-wrap elementor-element-populated\">\n\t\t\t\t\t\t<div class=\"elementor-element elementor-element-f4a1a81 elementor-widget elementor-widget-heading\" data-id=\"f4a1a81\" data-element_type=\"widget\" data-e-type=\"widget\" data-settings=\"{&quot;ekit_we_effect_on&quot;:&quot;none&quot;}\" data-widget_type=\"heading.default\">\n\t\t\t\t<div class=\"elementor-widget-container\">\n\t\t\t\t\t<h2 class=\"elementor-heading-title elementor-size-default\">Contacta con nosotros<\/h2>\t\t\t\t<\/div>\n\t\t\t\t<\/div>\n\t\t\t\t<div class=\"elementor-element elementor-element-5de60ed elementor-widget elementor-widget-elementskit-contact-form7\" data-id=\"5de60ed\" data-element_type=\"widget\" data-e-type=\"widget\" data-settings=\"{&quot;ekit_we_effect_on&quot;:&quot;none&quot;}\" data-widget_type=\"elementskit-contact-form7.default\">\n\t\t\t\t<div class=\"elementor-widget-container\">\n\t\t\t\t\t<div class=\"ekit-wid-con\" ><div class=\"ekit-form\">\n<div class=\"wpcf7 no-js\" id=\"wpcf7-f14236-p49030-o1\" lang=\"es-ES\" dir=\"ltr\" data-wpcf7-id=\"14236\">\n<div class=\"screen-reader-response\"><p role=\"status\" aria-live=\"polite\" aria-atomic=\"true\"><\/p> <ul><\/ul><\/div>\n<form action=\"\/index.php\/fabricantes-de-recambio-agricola-de-calidad\/#wpcf7-f14236-p49030-o1\" method=\"post\" class=\"wpcf7-form init\" aria-label=\"Formulario de contacto\" novalidate=\"novalidate\" data-status=\"init\">\n<fieldset class=\"hidden-fields-container\"><input type=\"hidden\" name=\"_wpcf7\" value=\"14236\" \/><input type=\"hidden\" name=\"_wpcf7_version\" value=\"6.1.5\" \/><input type=\"hidden\" name=\"_wpcf7_locale\" value=\"es_ES\" \/><input type=\"hidden\" name=\"_wpcf7_unit_tag\" value=\"wpcf7-f14236-p49030-o1\" \/><input type=\"hidden\" name=\"_wpcf7_container_post\" value=\"49030\" \/><input type=\"hidden\" name=\"_wpcf7_posted_data_hash\" value=\"\" \/>\n<\/fieldset>\n<div class=\"form-group\">\n\t<div class=\"row\">\n\t\t<div class=\"col-sm-6\">\n\t\t\t<p><label>Tu nombre (obligatorio)<\/label><br \/>\n<span class=\"wpcf7-form-control-wrap\" data-name=\"first-name\"><input size=\"40\" maxlength=\"400\" class=\"wpcf7-form-control wpcf7-text wpcf7-validates-as-required form-control\" aria-required=\"true\" aria-invalid=\"false\" value=\"\" type=\"text\" name=\"first-name\" \/><\/span>\n\t\t\t<\/p>\n\t\t<\/div>\n\t\t<div class=\"col-sm-6\">\n\t\t\t<p><label>Empresa (obligatorio)<\/label><br \/>\n<span class=\"wpcf7-form-control-wrap\" data-name=\"last-name\"><input size=\"40\" maxlength=\"400\" class=\"wpcf7-form-control wpcf7-text wpcf7-validates-as-required form-control\" aria-required=\"true\" aria-invalid=\"false\" value=\"\" type=\"text\" name=\"last-name\" \/><\/span>\n\t\t\t<\/p>\n\t\t<\/div>\n\t<\/div>\n<\/div>\n<div class=\"form-group\">\n\t<div class=\"row\">\n\t\t<div class=\"col-sm-6\">\n\t\t\t<p><label>Tu correo electr\u00f3nico (obligatorio)<\/label><br \/>\n<span class=\"wpcf7-form-control-wrap\" data-name=\"email-address\"><input size=\"40\" maxlength=\"400\" class=\"wpcf7-form-control wpcf7-text wpcf7-validates-as-required form-control\" aria-required=\"true\" aria-invalid=\"false\" value=\"\" type=\"text\" name=\"email-address\" \/><\/span>\n\t\t\t<\/p>\n\t\t<\/div>\n\t\t<div class=\"col-sm-6\">\n\t\t\t<p><label>Tel\u00e9fono de contacto<\/label><br \/>\n<span class=\"wpcf7-form-control-wrap\" data-name=\"phone-number\"><input size=\"40\" maxlength=\"400\" class=\"wpcf7-form-control wpcf7-text form-control\" aria-invalid=\"false\" value=\"\" type=\"text\" name=\"phone-number\" \/><\/span>\n\t\t\t<\/p>\n\t\t<\/div>\n\t<\/div>\n<\/div>\n<div class=\"form-group\">\n\t<div class=\"row\">\n\t\t<div class=\"col-sm-12\">\n\t\t\t<p><label>Tu mensaje<\/label><br \/>\n<span class=\"wpcf7-form-control-wrap\" data-name=\"your-message\"><textarea cols=\"40\" rows=\"4\" maxlength=\"2000\" class=\"wpcf7-form-control wpcf7-textarea form-control\" aria-invalid=\"false\" name=\"your-message\"><\/textarea><\/span>\n\t\t\t<\/p>\n\t\t<\/div>\n\t<\/div>\n<\/div>\n<div class=\"form-group\">\n\t<div class=\"row\">\n\t\t<div class=\"col-sm-12\">\n\t\t\t<p><button type=\"submit\" class=\"btn btn-primary\">Enviar<\/button>\n\t\t\t<\/p>\n\t\t<\/div>\n\t<\/div>\n<\/div><p style=\"display: none !important;\" class=\"akismet-fields-container\" data-prefix=\"_wpcf7_ak_\"><label>&#916;<textarea name=\"_wpcf7_ak_hp_textarea\" cols=\"45\" rows=\"8\" maxlength=\"100\"><\/textarea><\/label><input type=\"hidden\" id=\"ak_js_1\" name=\"_wpcf7_ak_js\" value=\"237\"\/><script>document.getElementById( \"ak_js_1\" ).setAttribute( \"value\", ( new Date() ).getTime() );<\/script><\/p><div class=\"wpcf7-response-output\" aria-hidden=\"true\"><\/div>\n<\/form>\n<\/div>\n\r\n\t\t\t\t<script>\r\n\t\t\t\tif ( typeof huOptions !== 'undefined' ) {\r\n\t\t\t\t\tvar huFormData = {\"source\":\"contactform7\",\"id\":14236,\"title\":\"formulario 3\",\"fields\":{\"subject\":{\"first_name\":\"your-name\",\"email\":\"your-email\"},\"preferences\":{\"terms\":\"your-consent\"}}};\r\n\t\t\t\t\tvar huFormNode = document.querySelector( '[id^=\"wpcf7-f14236-\"] form' );\r\n\r\n\t\t\t\t\thuFormData['node'] = huFormNode;\r\n\t\t\t\t\thuOptions['forms'].push( huFormData );\r\n\t\t\t\t}\r\n\t\t\t\t<\/script><\/div><\/div>\t\t\t\t<\/div>\n\t\t\t\t<\/div>\n\t\t\t\t<div class=\"elementor-element elementor-element-d6c6eef elementor-widget elementor-widget-text-editor\" data-id=\"d6c6eef\" data-element_type=\"widget\" data-e-type=\"widget\" data-settings=\"{&quot;ekit_we_effect_on&quot;:&quot;none&quot;}\" data-widget_type=\"text-editor.default\">\n\t\t\t\t<div class=\"elementor-widget-container\">\n\t\t\t\t\t\t\t\t\tRGPD: Le informamos que sus datos personales ser\u00e1n tratados por Repuestos Agr\u00edcolas Campoagr\u00edcola S.L. con la finalidad de prestar nuestros servicios, con la licitud de la relaci\u00f3n contractual que nos une, o la cual est\u00e1 en proceso de producirse. \u00danicamente se ceder\u00e1n los datos necesarios para la consecuci\u00f3n del servicio contratado a empresas que a su vez nos prestan servicios, usted puede solicitar informaci\u00f3n sobre la titularidad de las mismas, as\u00ed como ejercer los derechos de acceso, rectificaci\u00f3n, limitaci\u00f3n, portabilidad, supresi\u00f3n y oposici\u00f3n de sus datos en administracion@campoagricola.es y de reclamaci\u00f3n en www.aepd.es. \t\t\t\t\t\t\t\t<\/div>\n\t\t\t\t<\/div>\n\t\t\t\t\t<\/div>\n\t\t<\/div>\n\t\t\t\t\t<\/div>\n\t\t<\/section>\n\t\t\t\t<\/div>\n\t\t","protected":false},"excerpt":{"rendered":"<p>Soluciones resistentes y eficientes para maquinaria agr\u00edcola En Campoagr\u00edcola llevamos casi dos d\u00e9cadas acompa\u00f1ando al sector agr\u00edcola con soluciones de calidad, durabilidad y confianza. Fabricamos y distribuimos repuestos para maquinaria agr\u00edcola en Navarra adaptados a las necesidades reales del campo: resistentes, eficaces y con un dise\u00f1o pensado para el rendimiento. A continuaci\u00f3n te dejamos una [&hellip;]<\/p>\n","protected":false},"author":1,"featured_media":0,"parent":0,"menu_order":0,"comment_status":"closed","ping_status":"closed","template":"","meta":{"footnotes":""},"class_list":["post-49030","page","type-page","status-publish","hentry"],"_links":{"self":[{"href":"https:\/\/campoagricola.es\/index.php\/wp-json\/wp\/v2\/pages\/49030","targetHints":{"allow":["GET"]}}],"collection":[{"href":"https:\/\/campoagricola.es\/index.php\/wp-json\/wp\/v2\/pages"}],"about":[{"href":"https:\/\/campoagricola.es\/index.php\/wp-json\/wp\/v2\/types\/page"}],"author":[{"embeddable":true,"href":"https:\/\/campoagricola.es\/index.php\/wp-json\/wp\/v2\/users\/1"}],"replies":[{"embeddable":true,"href":"https:\/\/campoagricola.es\/index.php\/wp-json\/wp\/v2\/comments?post=49030"}],"version-history":[{"count":4,"href":"https:\/\/campoagricola.es\/index.php\/wp-json\/wp\/v2\/pages\/49030\/revisions"}],"predecessor-version":[{"id":49041,"href":"https:\/\/campoagricola.es\/index.php\/wp-json\/wp\/v2\/pages\/49030\/revisions\/49041"}],"wp:attachment":[{"href":"https:\/\/campoagricola.es\/index.php\/wp-json\/wp\/v2\/media?parent=49030"}],"curies":[{"name":"wp","href":"https:\/\/api.w.org\/{rel}","templated":true}]}}