{"id":49036,"date":"2025-06-13T10:36:07","date_gmt":"2025-06-13T10:36:07","guid":{"rendered":"https:\/\/campoagricola.es\/?page_id=49036"},"modified":"2025-06-13T10:38:08","modified_gmt":"2025-06-13T10:38:08","slug":"proveedores-de-componentes-para-maquinaria-agricola-en-navarra","status":"publish","type":"page","link":"https:\/\/campoagricola.es\/index.php\/proveedores-de-componentes-para-maquinaria-agricola-en-navarra\/","title":{"rendered":"&#10;Proveedores de componentes para maquinaria agr\u00edcola en Navarra"},"content":{"rendered":"\t\t<div data-elementor-type=\"wp-page\" data-elementor-id=\"49036\" class=\"elementor elementor-49036\" data-elementor-settings=\"{&quot;ha_cmc_init_switcher&quot;:&quot;no&quot;}\">\n\t\t\t\t\t\t<section class=\"elementor-section elementor-top-section elementor-element elementor-element-6c820475 elementor-section-boxed elementor-section-height-default elementor-section-height-default\" data-id=\"6c820475\" data-element_type=\"section\" data-e-type=\"section\" data-settings=\"{&quot;_ha_eqh_enable&quot;:false,&quot;ekit_has_onepagescroll_dot&quot;:&quot;yes&quot;}\">\n\t\t\t\t\t\t<div class=\"elementor-container elementor-column-gap-default\">\n\t\t\t\t\t<div class=\"elementor-column elementor-col-100 elementor-top-column elementor-element elementor-element-71ec6247\" data-id=\"71ec6247\" data-element_type=\"column\" data-e-type=\"column\">\n\t\t\t<div class=\"elementor-widget-wrap elementor-element-populated\">\n\t\t\t\t\t\t<div class=\"elementor-element elementor-element-4dead5ae elementor-widget elementor-widget-text-editor\" data-id=\"4dead5ae\" data-element_type=\"widget\" data-e-type=\"widget\" data-settings=\"{&quot;ekit_we_effect_on&quot;:&quot;none&quot;}\" data-widget_type=\"text-editor.default\">\n\t\t\t\t<div class=\"elementor-widget-container\">\n\t\t\t\t\t\t\t\t\t<h2 data-start=\"374\" data-end=\"441\">Distribuci\u00f3n t\u00e9cnica de piezas agr\u00edcolas con soporte profesional<\/h2><p data-start=\"264\" data-end=\"571\">En <strong data-start=\"267\" data-end=\"284\">Campoagr\u00edcola<\/strong> llevamos casi dos d\u00e9cadas acompa\u00f1ando al sector agr\u00edcola con soluciones de calidad, durabilidad y confianza. Fabricamos y distribuimos <strong>repuestos para maquinaria agr\u00edcola en Navarra<\/strong> adaptados a las necesidades reales del campo: resistentes, eficaces y con un dise\u00f1o pensado para el rendimiento. A continuaci\u00f3n te dejamos una serie de razones por las que elegirnos como <strong>Proveedores de componentes para maquinaria agr\u00edcola en Navarra<\/strong>:<\/p><h3 data-start=\"947\" data-end=\"1010\">Integraci\u00f3n vertical que garantiza disponibilidad inmediata<\/h3><p data-start=\"1012\" data-end=\"1504\">Uno de nuestros principales diferenciales como proveedor es que <strong data-start=\"1076\" data-end=\"1149\">no dependemos de terceros para fabricar ni abastecer nuestro cat\u00e1logo<\/strong>. Al controlar la totalidad del proceso \u2014desde el dise\u00f1o hasta el env\u00edo\u2014 podemos ofrecer una <strong data-start=\"1242\" data-end=\"1274\">alta disponibilidad de stock<\/strong> y reducir al m\u00ednimo los tiempos de espera. Esto es especialmente cr\u00edtico en plena campa\u00f1a agr\u00edcola, donde cada d\u00eda de parada cuenta. Somos proveedor, pero tambi\u00e9n fabricante, y eso se nota en la rapidez y fiabilidad del servicio.<\/p><h3 data-start=\"1506\" data-end=\"1568\">Asesoramiento t\u00e9cnico especializado en maquinaria agr\u00edcola<\/h3><p data-start=\"1570\" data-end=\"2012\">Entendemos que nuestros clientes no buscan solo piezas, sino soluciones. Nuestro equipo est\u00e1 formado por especialistas que conocen las m\u00e1quinas, las labores agr\u00edcolas y los problemas habituales en campo. Este conocimiento nos permite ofrecer un <strong data-start=\"1815\" data-end=\"1849\">asesoramiento t\u00e9cnico riguroso<\/strong>, tanto para elegir componentes compatibles como para prevenir errores de montaje, mejorar el rendimiento o resolver dudas sobre desgaste, ajustes o mantenimiento.<\/p><h3 data-start=\"2014\" data-end=\"2069\">Red de distribuci\u00f3n eficiente en toda la zona norte<\/h3><p data-start=\"2071\" data-end=\"2493\">Aunque nuestra sede est\u00e1 en Navarra, llegamos de forma habitual a clientes de toda la zona norte: La Rioja, Pa\u00eds Vasco, Arag\u00f3n, Castilla y Le\u00f3n\u2026 Nuestra log\u00edstica est\u00e1 organizada para cubrir estos territorios con rapidez, gracias a rutas optimizadas y acuerdos con transportistas de confianza. Esto nos permite <strong data-start=\"2382\" data-end=\"2443\">combinar la cercan\u00eda geogr\u00e1fica con la agilidad comercial<\/strong>, dando respuesta incluso en situaciones urgentes.<\/p><h3 data-start=\"2495\" data-end=\"2558\">Relaci\u00f3n de confianza con talleres y distribuidores locales<\/h3><p data-start=\"2560\" data-end=\"3022\">M\u00e1s que proveedores, somos aliados del canal profesional. Trabajamos codo a codo con talleres, concesionarios y almacenes agr\u00edcolas para ofrecerles <strong data-start=\"2708\" data-end=\"2788\">un servicio constante, con precios competitivos y condiciones personalizadas<\/strong>. Entendemos sus ritmos, sus necesidades y su forma de trabajar, por eso nos adaptamos con agilidad y mantenemos una comunicaci\u00f3n directa y eficaz. Esta relaci\u00f3n de proximidad es una de las claves de nuestra permanencia en el mercado.<\/p><h3 data-start=\"3024\" data-end=\"3086\">Compromiso con la mejora continua y el desarrollo regional<\/h3><p data-start=\"3088\" data-end=\"3543\">Elegirnos como proveedor tambi\u00e9n es apostar por una industria local con valores. En Campoagr\u00edcola estamos comprometidos con el desarrollo econ\u00f3mico y tecnol\u00f3gico de Navarra, invirtiendo en modernizaci\u00f3n, formaci\u00f3n y sostenibilidad. No nos limitamos a vender componentes: <strong data-start=\"3359\" data-end=\"3458\">aportamos valor industrial, empleo de calidad y desarrollo a nuestro entorno rural e industrial<\/strong>. Es una forma de hacer empresa que beneficia tanto al agricultor como al territorio.<\/p><p data-start=\"264\" data-end=\"571\">Si est\u00e1s interesado en <strong>Proveedores de componentes para maquinaria agr\u00edcola en Navarra<\/strong>, no dudes en escribirnos a trav\u00e9s del siguiente formulario de contacto:<\/p>\t\t\t\t\t\t\t\t<\/div>\n\t\t\t\t<\/div>\n\t\t\t\t\t<\/div>\n\t\t<\/div>\n\t\t\t\t\t<\/div>\n\t\t<\/section>\n\t\t\t\t<section class=\"elementor-section elementor-top-section elementor-element elementor-element-dca2a96 elementor-section-boxed elementor-section-height-default elementor-section-height-default\" data-id=\"dca2a96\" data-element_type=\"section\" data-e-type=\"section\" data-settings=\"{&quot;background_background&quot;:&quot;classic&quot;,&quot;_ha_eqh_enable&quot;:false,&quot;ekit_has_onepagescroll_dot&quot;:&quot;yes&quot;}\">\n\t\t\t\t\t\t<div class=\"elementor-container elementor-column-gap-default\">\n\t\t\t\t\t<div class=\"elementor-column elementor-col-100 elementor-top-column elementor-element elementor-element-f91e4fe\" data-id=\"f91e4fe\" data-element_type=\"column\" data-e-type=\"column\">\n\t\t\t<div class=\"elementor-widget-wrap elementor-element-populated\">\n\t\t\t\t\t\t<div class=\"elementor-element elementor-element-1a55ec7 elementor-widget elementor-widget-heading\" data-id=\"1a55ec7\" data-element_type=\"widget\" data-e-type=\"widget\" data-settings=\"{&quot;ekit_we_effect_on&quot;:&quot;none&quot;}\" data-widget_type=\"heading.default\">\n\t\t\t\t<div class=\"elementor-widget-container\">\n\t\t\t\t\t<h2 class=\"elementor-heading-title elementor-size-default\">Contacta con nosotros<\/h2>\t\t\t\t<\/div>\n\t\t\t\t<\/div>\n\t\t\t\t<div class=\"elementor-element elementor-element-3ca6b5b elementor-widget elementor-widget-elementskit-contact-form7\" data-id=\"3ca6b5b\" data-element_type=\"widget\" data-e-type=\"widget\" data-settings=\"{&quot;ekit_we_effect_on&quot;:&quot;none&quot;}\" data-widget_type=\"elementskit-contact-form7.default\">\n\t\t\t\t<div class=\"elementor-widget-container\">\n\t\t\t\t\t<div class=\"ekit-wid-con\" ><div class=\"ekit-form\">\n<div class=\"wpcf7 no-js\" id=\"wpcf7-f14236-p49036-o1\" lang=\"es-ES\" dir=\"ltr\" data-wpcf7-id=\"14236\">\n<div class=\"screen-reader-response\"><p role=\"status\" aria-live=\"polite\" aria-atomic=\"true\"><\/p> <ul><\/ul><\/div>\n<form action=\"\/index.php\/proveedores-de-componentes-para-maquinaria-agricola-en-navarra\/#wpcf7-f14236-p49036-o1\" method=\"post\" class=\"wpcf7-form init\" aria-label=\"Formulario de contacto\" novalidate=\"novalidate\" data-status=\"init\">\n<fieldset class=\"hidden-fields-container\"><input type=\"hidden\" name=\"_wpcf7\" value=\"14236\" \/><input type=\"hidden\" name=\"_wpcf7_version\" value=\"6.1.5\" \/><input type=\"hidden\" name=\"_wpcf7_locale\" value=\"es_ES\" \/><input type=\"hidden\" name=\"_wpcf7_unit_tag\" value=\"wpcf7-f14236-p49036-o1\" \/><input type=\"hidden\" name=\"_wpcf7_container_post\" value=\"49036\" \/><input type=\"hidden\" name=\"_wpcf7_posted_data_hash\" value=\"\" \/>\n<\/fieldset>\n<div class=\"form-group\">\n\t<div class=\"row\">\n\t\t<div class=\"col-sm-6\">\n\t\t\t<p><label>Tu nombre (obligatorio)<\/label><br \/>\n<span class=\"wpcf7-form-control-wrap\" data-name=\"first-name\"><input size=\"40\" maxlength=\"400\" class=\"wpcf7-form-control wpcf7-text wpcf7-validates-as-required form-control\" aria-required=\"true\" aria-invalid=\"false\" value=\"\" type=\"text\" name=\"first-name\" \/><\/span>\n\t\t\t<\/p>\n\t\t<\/div>\n\t\t<div class=\"col-sm-6\">\n\t\t\t<p><label>Empresa (obligatorio)<\/label><br \/>\n<span class=\"wpcf7-form-control-wrap\" data-name=\"last-name\"><input size=\"40\" maxlength=\"400\" class=\"wpcf7-form-control wpcf7-text wpcf7-validates-as-required form-control\" aria-required=\"true\" aria-invalid=\"false\" value=\"\" type=\"text\" name=\"last-name\" \/><\/span>\n\t\t\t<\/p>\n\t\t<\/div>\n\t<\/div>\n<\/div>\n<div class=\"form-group\">\n\t<div class=\"row\">\n\t\t<div class=\"col-sm-6\">\n\t\t\t<p><label>Tu correo electr\u00f3nico (obligatorio)<\/label><br \/>\n<span class=\"wpcf7-form-control-wrap\" data-name=\"email-address\"><input size=\"40\" maxlength=\"400\" class=\"wpcf7-form-control wpcf7-text wpcf7-validates-as-required form-control\" aria-required=\"true\" aria-invalid=\"false\" value=\"\" type=\"text\" name=\"email-address\" \/><\/span>\n\t\t\t<\/p>\n\t\t<\/div>\n\t\t<div class=\"col-sm-6\">\n\t\t\t<p><label>Tel\u00e9fono de contacto<\/label><br \/>\n<span class=\"wpcf7-form-control-wrap\" data-name=\"phone-number\"><input size=\"40\" maxlength=\"400\" class=\"wpcf7-form-control wpcf7-text form-control\" aria-invalid=\"false\" value=\"\" type=\"text\" name=\"phone-number\" \/><\/span>\n\t\t\t<\/p>\n\t\t<\/div>\n\t<\/div>\n<\/div>\n<div class=\"form-group\">\n\t<div class=\"row\">\n\t\t<div class=\"col-sm-12\">\n\t\t\t<p><label>Tu mensaje<\/label><br \/>\n<span class=\"wpcf7-form-control-wrap\" data-name=\"your-message\"><textarea cols=\"40\" rows=\"4\" maxlength=\"2000\" class=\"wpcf7-form-control wpcf7-textarea form-control\" aria-invalid=\"false\" name=\"your-message\"><\/textarea><\/span>\n\t\t\t<\/p>\n\t\t<\/div>\n\t<\/div>\n<\/div>\n<div class=\"form-group\">\n\t<div class=\"row\">\n\t\t<div class=\"col-sm-12\">\n\t\t\t<p><button type=\"submit\" class=\"btn btn-primary\">Enviar<\/button>\n\t\t\t<\/p>\n\t\t<\/div>\n\t<\/div>\n<\/div><p style=\"display: none !important;\" class=\"akismet-fields-container\" data-prefix=\"_wpcf7_ak_\"><label>&#916;<textarea name=\"_wpcf7_ak_hp_textarea\" cols=\"45\" rows=\"8\" maxlength=\"100\"><\/textarea><\/label><input type=\"hidden\" id=\"ak_js_1\" name=\"_wpcf7_ak_js\" value=\"31\"\/><script>document.getElementById( \"ak_js_1\" ).setAttribute( \"value\", ( new Date() ).getTime() );<\/script><\/p><div class=\"wpcf7-response-output\" aria-hidden=\"true\"><\/div>\n<\/form>\n<\/div>\n\r\n\t\t\t\t<script>\r\n\t\t\t\tif ( typeof huOptions !== 'undefined' ) {\r\n\t\t\t\t\tvar huFormData = {\"source\":\"contactform7\",\"id\":14236,\"title\":\"formulario 3\",\"fields\":{\"subject\":{\"first_name\":\"your-name\",\"email\":\"your-email\"},\"preferences\":{\"terms\":\"your-consent\"}}};\r\n\t\t\t\t\tvar huFormNode = document.querySelector( '[id^=\"wpcf7-f14236-\"] form' );\r\n\r\n\t\t\t\t\thuFormData['node'] = huFormNode;\r\n\t\t\t\t\thuOptions['forms'].push( huFormData );\r\n\t\t\t\t}\r\n\t\t\t\t<\/script><\/div><\/div>\t\t\t\t<\/div>\n\t\t\t\t<\/div>\n\t\t\t\t<div class=\"elementor-element elementor-element-3892ce3 elementor-widget elementor-widget-text-editor\" data-id=\"3892ce3\" data-element_type=\"widget\" data-e-type=\"widget\" data-settings=\"{&quot;ekit_we_effect_on&quot;:&quot;none&quot;}\" data-widget_type=\"text-editor.default\">\n\t\t\t\t<div class=\"elementor-widget-container\">\n\t\t\t\t\t\t\t\t\tRGPD: Le informamos que sus datos personales ser\u00e1n tratados por Repuestos Agr\u00edcolas Campoagr\u00edcola S.L. con la finalidad de prestar nuestros servicios, con la licitud de la relaci\u00f3n contractual que nos une, o la cual est\u00e1 en proceso de producirse. \u00danicamente se ceder\u00e1n los datos necesarios para la consecuci\u00f3n del servicio contratado a empresas que a su vez nos prestan servicios, usted puede solicitar informaci\u00f3n sobre la titularidad de las mismas, as\u00ed como ejercer los derechos de acceso, rectificaci\u00f3n, limitaci\u00f3n, portabilidad, supresi\u00f3n y oposici\u00f3n de sus datos en administracion@campoagricola.es y de reclamaci\u00f3n en www.aepd.es. \t\t\t\t\t\t\t\t<\/div>\n\t\t\t\t<\/div>\n\t\t\t\t\t<\/div>\n\t\t<\/div>\n\t\t\t\t\t<\/div>\n\t\t<\/section>\n\t\t\t\t<\/div>\n\t\t","protected":false},"excerpt":{"rendered":"<p>Distribuci\u00f3n t\u00e9cnica de piezas agr\u00edcolas con soporte profesional En Campoagr\u00edcola llevamos casi dos d\u00e9cadas acompa\u00f1ando al sector agr\u00edcola con soluciones de calidad, durabilidad y confianza. Fabricamos y distribuimos repuestos para maquinaria agr\u00edcola en Navarra adaptados a las necesidades reales del campo: resistentes, eficaces y con un dise\u00f1o pensado para el rendimiento. A continuaci\u00f3n te dejamos [&hellip;]<\/p>\n","protected":false},"author":1,"featured_media":0,"parent":0,"menu_order":0,"comment_status":"closed","ping_status":"closed","template":"","meta":{"footnotes":""},"class_list":["post-49036","page","type-page","status-publish","hentry"],"_links":{"self":[{"href":"https:\/\/campoagricola.es\/index.php\/wp-json\/wp\/v2\/pages\/49036","targetHints":{"allow":["GET"]}}],"collection":[{"href":"https:\/\/campoagricola.es\/index.php\/wp-json\/wp\/v2\/pages"}],"about":[{"href":"https:\/\/campoagricola.es\/index.php\/wp-json\/wp\/v2\/types\/page"}],"author":[{"embeddable":true,"href":"https:\/\/campoagricola.es\/index.php\/wp-json\/wp\/v2\/users\/1"}],"replies":[{"embeddable":true,"href":"https:\/\/campoagricola.es\/index.php\/wp-json\/wp\/v2\/comments?post=49036"}],"version-history":[{"count":7,"href":"https:\/\/campoagricola.es\/index.php\/wp-json\/wp\/v2\/pages\/49036\/revisions"}],"predecessor-version":[{"id":49084,"href":"https:\/\/campoagricola.es\/index.php\/wp-json\/wp\/v2\/pages\/49036\/revisions\/49084"}],"wp:attachment":[{"href":"https:\/\/campoagricola.es\/index.php\/wp-json\/wp\/v2\/media?parent=49036"}],"curies":[{"name":"wp","href":"https:\/\/api.w.org\/{rel}","templated":true}]}}