{"id":49142,"date":"2026-01-27T13:12:17","date_gmt":"2026-01-27T13:12:17","guid":{"rendered":"https:\/\/campoagricola.es\/?page_id=49142"},"modified":"2026-02-09T12:55:33","modified_gmt":"2026-02-09T12:55:33","slug":"politica-de-devoluciones-y-reembolsos-2026","status":"publish","type":"page","link":"https:\/\/campoagricola.es\/index.php\/politica-de-devoluciones-y-reembolsos-2026\/","title":{"rendered":"Pol\u00edtica de Devoluciones y Reembolsos"},"content":{"rendered":"\t\t<div data-elementor-type=\"wp-page\" data-elementor-id=\"49142\" class=\"elementor elementor-49142\" data-elementor-settings=\"{&quot;ha_cmc_init_switcher&quot;:&quot;no&quot;}\">\n\t\t\t\t\t\t<section class=\"elementor-section elementor-top-section elementor-element elementor-element-46ed83b elementor-section-height-min-height elementor-section-boxed elementor-section-height-default elementor-section-items-middle\" data-id=\"46ed83b\" data-element_type=\"section\" data-e-type=\"section\" data-settings=\"{&quot;background_background&quot;:&quot;classic&quot;,&quot;_ha_eqh_enable&quot;:false,&quot;ekit_has_onepagescroll_dot&quot;:&quot;yes&quot;}\">\n\t\t\t\t\t\t\t<div class=\"elementor-background-overlay\"><\/div>\n\t\t\t\t\t\t\t<div class=\"elementor-container elementor-column-gap-wider\">\n\t\t\t\t\t<div class=\"elementor-column elementor-col-100 elementor-top-column elementor-element elementor-element-e33527f\" data-id=\"e33527f\" data-element_type=\"column\" data-e-type=\"column\">\n\t\t\t<div class=\"elementor-widget-wrap elementor-element-populated\">\n\t\t\t\t\t\t<div class=\"elementor-element elementor-element-f40766a elementor-widget elementor-widget-heading\" data-id=\"f40766a\" data-element_type=\"widget\" data-e-type=\"widget\" data-settings=\"{&quot;ekit_we_effect_on&quot;:&quot;none&quot;}\" data-widget_type=\"heading.default\">\n\t\t\t\t<div class=\"elementor-widget-container\">\n\t\t\t\t\t<h1 class=\"elementor-heading-title elementor-size-default\">Pol\u00edtica de Devoluciones y Reembolsos<\/h1>\t\t\t\t<\/div>\n\t\t\t\t<\/div>\n\t\t\t\t\t<\/div>\n\t\t<\/div>\n\t\t\t\t\t<\/div>\n\t\t<\/section>\n\t\t\t\t<section class=\"elementor-section elementor-top-section elementor-element elementor-element-8d026b5 elementor-section-boxed elementor-section-height-default elementor-section-height-default\" data-id=\"8d026b5\" data-element_type=\"section\" data-e-type=\"section\" data-settings=\"{&quot;_ha_eqh_enable&quot;:false,&quot;ekit_has_onepagescroll_dot&quot;:&quot;yes&quot;}\">\n\t\t\t\t\t\t<div class=\"elementor-container elementor-column-gap-default\">\n\t\t\t\t\t<div class=\"elementor-column elementor-col-100 elementor-top-column elementor-element elementor-element-e0757d3\" data-id=\"e0757d3\" data-element_type=\"column\" data-e-type=\"column\">\n\t\t\t<div class=\"elementor-widget-wrap elementor-element-populated\">\n\t\t\t\t\t\t<div class=\"elementor-element elementor-element-d2b9e17 elementor-widget elementor-widget-text-editor\" data-id=\"d2b9e17\" data-element_type=\"widget\" data-e-type=\"widget\" data-settings=\"{&quot;ekit_we_effect_on&quot;:&quot;none&quot;}\" data-widget_type=\"text-editor.default\">\n\t\t\t\t<div class=\"elementor-widget-container\">\n\t\t\t\t\t\t\t\t\t<p>En <strong>CAMPOAGR\u00cdCOLA<\/strong> nuestro objetivo es garantizar su satisfacci\u00f3n y mantener una relaci\u00f3n comercial clara y transparente. Para gestionar las devoluciones de manera justa y eficiente, hemos establecido la siguiente pol\u00edtica:<\/p>\t\t\t\t\t\t\t\t<\/div>\n\t\t\t\t<\/div>\n\t\t\t\t\t<\/div>\n\t\t<\/div>\n\t\t\t\t\t<\/div>\n\t\t<\/section>\n\t\t\t\t<section class=\"elementor-section elementor-top-section elementor-element elementor-element-ee78725 elementor-section-boxed elementor-section-height-default elementor-section-height-default\" data-id=\"ee78725\" data-element_type=\"section\" data-e-type=\"section\" data-settings=\"{&quot;_ha_eqh_enable&quot;:false,&quot;ekit_has_onepagescroll_dot&quot;:&quot;yes&quot;}\">\n\t\t\t\t\t\t<div class=\"elementor-container elementor-column-gap-default\">\n\t\t\t\t\t<div class=\"elementor-column elementor-col-100 elementor-top-column elementor-element elementor-element-af57776\" data-id=\"af57776\" data-element_type=\"column\" data-e-type=\"column\">\n\t\t\t<div class=\"elementor-widget-wrap elementor-element-populated\">\n\t\t\t\t\t\t<div class=\"elementor-element elementor-element-f2f9241 elementor-widget elementor-widget-text-editor\" data-id=\"f2f9241\" data-element_type=\"widget\" data-e-type=\"widget\" data-settings=\"{&quot;ekit_we_effect_on&quot;:&quot;none&quot;}\" data-widget_type=\"text-editor.default\">\n\t\t\t\t<div class=\"elementor-widget-container\">\n\t\t\t\t\t\t\t\t\t<h4 style=\"text-align: center;\"><strong>PROCESO A SEGUIR PARA REALIZAR UNA DEVOLUCI\u00d3N<\/strong><\/h4>\t\t\t\t\t\t\t\t<\/div>\n\t\t\t\t<\/div>\n\t\t\t\t\t<\/div>\n\t\t<\/div>\n\t\t\t\t\t<\/div>\n\t\t<\/section>\n\t\t\t\t<section class=\"elementor-section elementor-top-section elementor-element elementor-element-df138e5 elementor-section-boxed elementor-section-height-default elementor-section-height-default\" data-id=\"df138e5\" data-element_type=\"section\" data-e-type=\"section\" data-settings=\"{&quot;_ha_eqh_enable&quot;:false,&quot;ekit_has_onepagescroll_dot&quot;:&quot;yes&quot;}\">\n\t\t\t\t\t\t<div class=\"elementor-container elementor-column-gap-default\">\n\t\t\t\t\t<div class=\"elementor-column elementor-col-100 elementor-top-column elementor-element elementor-element-3fd8e41\" data-id=\"3fd8e41\" data-element_type=\"column\" data-e-type=\"column\">\n\t\t\t<div class=\"elementor-widget-wrap elementor-element-populated\">\n\t\t\t\t\t\t<div class=\"elementor-element elementor-element-03a3c82 elementor-widget elementor-widget-text-editor\" data-id=\"03a3c82\" data-element_type=\"widget\" data-e-type=\"widget\" data-settings=\"{&quot;ekit_we_effect_on&quot;:&quot;none&quot;}\" data-widget_type=\"text-editor.default\">\n\t\t\t\t<div class=\"elementor-widget-container\">\n\t\t\t\t\t\t\t\t\t<p class=\"MsoNormal\" style=\"margin: 0cm 0cm 0cm 36pt; line-height: normal; background-image: initial; background-position: initial; background-size: initial; background-repeat: initial; background-attachment: initial; background-origin: initial; background-clip: initial;\"><span style=\"font-size: 13.5pt; font-family: Heebo; mso-fareast-font-family: 'Times New Roman'; color: black; mso-ligatures: none; mso-fareast-language: ES;\">1\u00ba Contactar con nuestro departamento comercial para solicitar una\u00a0<b>\u201cAutorizaci\u00f3n<\/b>\u00a0<b>de Devoluci\u00f3n\u201d<\/b>. No se aceptar\u00e1n devoluciones sin previa Autorizaci\u00f3n.<\/span><\/p><p class=\"MsoNormal\" style=\"margin: 0cm 0cm 0cm 36pt; line-height: normal; background-image: initial; background-position: initial; background-size: initial; background-repeat: initial; background-attachment: initial; background-origin: initial; background-clip: initial;\"><span style=\"color: black; font-family: Heebo; font-size: 13.5pt; font-weight: inherit; letter-spacing: inherit;\">\u00a0<\/span><\/p><p class=\"MsoNormal\" style=\"margin: 0cm 0cm 0cm 36pt; line-height: normal; background-image: initial; background-position: initial; background-size: initial; background-repeat: initial; background-attachment: initial; background-origin: initial; background-clip: initial;\"><span style=\"color: black; font-family: Heebo; font-size: 13.5pt; font-weight: inherit; letter-spacing: inherit;\">2\u00ba Una vez autorizada, <\/span><b style=\"color: black; font-family: Heebo; font-size: 13.5pt; letter-spacing: inherit;\">el comercial emitir\u00e1<\/b> <b style=\"color: black; font-family: Heebo; font-size: 13.5pt; letter-spacing: inherit;\">el documento<\/b><span style=\"color: black; font-family: Heebo; font-size: 13.5pt; font-weight: inherit; letter-spacing: inherit;\"> de \u201cAutorizaci\u00f3n de Devoluci\u00f3n\u201d (imprescindible<\/span><b style=\"color: black; font-family: Heebo; font-size: 13.5pt; letter-spacing: inherit;\">), el cual se enviar\u00e1 con la mercanc\u00eda.<\/b><\/p>\t\t\t\t\t\t\t\t<\/div>\n\t\t\t\t<\/div>\n\t\t\t\t\t<\/div>\n\t\t<\/div>\n\t\t\t\t\t<\/div>\n\t\t<\/section>\n\t\t\t\t<section class=\"elementor-section elementor-top-section elementor-element elementor-element-2075d71 elementor-section-boxed elementor-section-height-default elementor-section-height-default\" data-id=\"2075d71\" data-element_type=\"section\" data-e-type=\"section\" data-settings=\"{&quot;_ha_eqh_enable&quot;:false,&quot;ekit_has_onepagescroll_dot&quot;:&quot;yes&quot;}\">\n\t\t\t\t\t\t<div class=\"elementor-container elementor-column-gap-default\">\n\t\t\t\t\t<div class=\"elementor-column elementor-col-50 elementor-top-column elementor-element elementor-element-27d684d\" data-id=\"27d684d\" data-element_type=\"column\" data-e-type=\"column\">\n\t\t\t<div class=\"elementor-widget-wrap elementor-element-populated\">\n\t\t\t\t\t\t<div class=\"elementor-element elementor-element-4e69749 elementor-widget__width-initial elementor-widget elementor-widget-image\" data-id=\"4e69749\" data-element_type=\"widget\" data-e-type=\"widget\" data-settings=\"{&quot;ekit_we_effect_on&quot;:&quot;none&quot;}\" data-widget_type=\"image.default\">\n\t\t\t\t<div class=\"elementor-widget-container\">\n\t\t\t\t\t\t\t\t\t\t\t\t\t\t\t<img fetchpriority=\"high\" decoding=\"async\" width=\"614\" height=\"680\" src=\"https:\/\/campoagricola.es\/wp-content\/uploads\/2026\/01\/devoluciones-icono.png\" class=\"attachment-large size-large wp-image-49185\" alt=\"\" srcset=\"https:\/\/campoagricola.es\/wp-content\/uploads\/2026\/01\/devoluciones-icono.png 614w, https:\/\/campoagricola.es\/wp-content\/uploads\/2026\/01\/devoluciones-icono-271x300.png 271w, https:\/\/campoagricola.es\/wp-content\/uploads\/2026\/01\/devoluciones-icono-500x554.png 500w\" sizes=\"(max-width: 614px) 100vw, 614px\" \/>\t\t\t\t\t\t\t\t\t\t\t\t\t\t\t<\/div>\n\t\t\t\t<\/div>\n\t\t\t\t\t<\/div>\n\t\t<\/div>\n\t\t\t\t<div class=\"elementor-column elementor-col-50 elementor-top-column elementor-element elementor-element-8dc78fc\" data-id=\"8dc78fc\" data-element_type=\"column\" data-e-type=\"column\">\n\t\t\t<div class=\"elementor-widget-wrap elementor-element-populated\">\n\t\t\t\t\t\t<div class=\"elementor-element elementor-element-60556f4 elementor-widget__width-initial elementor-widget elementor-widget-text-editor\" data-id=\"60556f4\" data-element_type=\"widget\" data-e-type=\"widget\" data-settings=\"{&quot;ekit_we_effect_on&quot;:&quot;none&quot;}\" data-widget_type=\"text-editor.default\">\n\t\t\t\t<div class=\"elementor-widget-container\">\n\t\t\t\t\t\t\t\t\t<p style=\"text-align: left;\"><b><u>En las Devoluciones distinguimos 2 situaciones:<\/u><\/b><\/p><p style=\"text-align: left;\"><strong>1.- <\/strong><b>Devoluciones por responsabilidad de Campoagr\u00edcola<\/b>: Derivadas de errores en el pedido, defectos de fabricaci\u00f3n o mercanc\u00eda no conforme.<b>\u00a0En estos casos, asumimos todos los costes asociados.<\/b><\/p><p style=\"text-align: left;\"><strong>2.- <\/strong><b>Devoluciones por decisi\u00f3n del Cliente<\/b>: Para aquellas devoluciones que no respondan a los motivos anteriores, se aplicar\u00e1n los siguientes criterios para cubrir los costes log\u00edsticos y de gesti\u00f3n:<\/p><p style=\"text-align: left;\"><b>2.1.- Gastos de Transporte:<\/b><\/p><p style=\"text-align: left;\"><b>La gesti\u00f3n y los gastos de env\u00edo<\/b> de la mercanc\u00eda de vuelta a nuestras instalaciones ser\u00e1n siempre por\u00a0<b>cuenta del cliente<\/b>.<\/p><p style=\"text-align: left;\">En caso de devoluci\u00f3n, el coste del env\u00edo original no ser\u00e1 reembolsado. Si el env\u00edo fue pagado por <b>Campoagr\u00edcola<\/b>, dicho importe ser\u00e1 deducido del reembolso final al tratarse de un servicio efectivamente prestado. Asimismo, si los portes fueron abonados por el <b>cliente\u00a0<\/b>en el momento de la compra, esta cantidad no ser\u00e1 devuelta, ya que corresponde a un servicio de transporte ya\u00a0 \u00a0 \u00a0 ejecutado por un tercero.<\/p><p style=\"text-align: left;\"><b>2.2.- Gastos de Manipulaci\u00f3n y Log\u00edstica:<\/b><\/p><p style=\"text-align: left;\">Para cubrir los costes asociados a la preparaci\u00f3n, revisi\u00f3n y almacenaje de la mercanc\u00eda, se\u00a0 aplicar\u00e1n las siguientes tasas administrativas.<\/p><p style=\"text-align: left;\"><b>Devoluci\u00f3n de unidades paletizadas completas:<\/b> No se aplicar\u00e1 cargo por manipulaci\u00f3n.<\/p><p style=\"text-align: left;\"><b>Devoluci\u00f3n de unidades sueltas:<\/b> Si el pedido original se sirvi\u00f3 en pal\u00e9 y se devuelven unidades <strong>sueltas<\/strong>: Se aplicar\u00e1 una\u00a0<b>tasa administrativa del 6%<\/b><strong>\u00a0<\/strong>sobre el valor de dichas unidades, en concepto de gesti\u00f3n (log\u00edstica de entrada). <span style=\"color: unset; font-family: inherit; font-size: inherit; font-weight: inherit; letter-spacing: inherit;\">Si el pedido original y la <\/span><span style=\"color: unset; font-family: inherit; font-size: inherit; letter-spacing: inherit;\"><b>devoluci\u00f3n <\/b><\/span><span style=\"color: unset; font-family: inherit; font-size: inherit; font-weight: inherit; letter-spacing: inherit;\">se realizan en unidades sueltas: Se aplicar\u00e1 una <\/span><span style=\"color: unset; font-family: inherit; font-size: inherit; letter-spacing: inherit;\"><b>tasa administrativa del 12%<\/b><\/span><span style=\"color: unset; font-family: inherit; font-size: inherit; font-weight: inherit; letter-spacing: inherit;\"> sobre el valor de la mercanc\u00eda devuelta, en concepto de gesti\u00f3n (log\u00edstica de salida y entrada).<\/span><\/p><p style=\"text-align: left;\"><span style=\"color: unset; font-family: inherit; font-size: inherit; letter-spacing: inherit;\"><b>2<\/b><\/span><b style=\"color: unset; font-family: inherit; font-size: inherit; letter-spacing: inherit;\">.3.- Depreciaci\u00f3n de la Mercanc\u00eda<\/b><\/p><p style=\"text-align: left;\">Para poder aceptar la mercanc\u00eda de vuelta en nuestro stock y ofrecerla en condiciones \u00f3ptimas a futuros clientes, debemos considerar su depreciaci\u00f3n por antig\u00fcedad y posible obsolescencia.<\/p><p style=\"text-align: left;\"><b>Art\u00edculos con menos de 12 meses<\/b>: Se aceptar\u00e1 la devoluci\u00f3n\u00a0<b>sin aplicaci\u00f3n de depreciaci\u00f3n<\/b>, siempre que el art\u00edculo supere la inspecci\u00f3n f\u00edsica y t\u00e9cnica obligatoria.<\/p><p style=\"text-align: left;\"><b>Art\u00edculos entre 12 y 24 meses<\/b><em><b>(Casos Excepcionales):<\/b><\/em> No se garantiza la aceptaci\u00f3n autom\u00e1tica. La empresa evaluar\u00e1 cada caso de forma individual bajo criterios t\u00e9cnicos, comerciales y financieros. En caso de ser autorizada, se aplicar\u00e1 una <b>depreciaci\u00f3n del 10%<\/b>\u00a0sobre el valor de factura, sumado a cualquier costo de reacondicionamiento necesario.<\/p>\t\t\t\t\t\t\t\t<\/div>\n\t\t\t\t<\/div>\n\t\t\t\t\t<\/div>\n\t\t<\/div>\n\t\t\t\t\t<\/div>\n\t\t<\/section>\n\t\t\t\t<section class=\"elementor-section elementor-top-section elementor-element elementor-element-371d6a1 elementor-section-boxed elementor-section-height-default elementor-section-height-default\" data-id=\"371d6a1\" data-element_type=\"section\" data-e-type=\"section\" data-settings=\"{&quot;_ha_eqh_enable&quot;:false,&quot;ekit_has_onepagescroll_dot&quot;:&quot;yes&quot;}\">\n\t\t\t\t\t\t<div class=\"elementor-container elementor-column-gap-default\">\n\t\t\t\t\t<div class=\"elementor-column elementor-col-100 elementor-top-column elementor-element elementor-element-f4e3a39\" data-id=\"f4e3a39\" data-element_type=\"column\" data-e-type=\"column\">\n\t\t\t<div class=\"elementor-widget-wrap elementor-element-populated\">\n\t\t\t\t\t\t<div class=\"elementor-element elementor-element-e14c87c elementor-widget elementor-widget-text-editor\" data-id=\"e14c87c\" data-element_type=\"widget\" data-e-type=\"widget\" data-settings=\"{&quot;ekit_we_effect_on&quot;:&quot;none&quot;}\" data-widget_type=\"text-editor.default\">\n\t\t\t\t<div class=\"elementor-widget-container\">\n\t\t\t\t\t\t\t\t\t<p class=\"MsoNormal\" style=\"margin: 0cm 0cm 0cm 36pt; line-height: normal; background-image: initial; background-position: initial; background-size: initial; background-repeat: initial; background-attachment: initial; background-origin: initial; background-clip: initial;\"><span style=\"font-weight: bold; text-align: justify;\"><span style=\"font-size: 12pt; color: #0f1115;\">Condici\u00f3n indispensable:<\/span><\/span><span style=\"font-size: 12pt; text-align: justify; color: #0f1115;\">\u00a0Toda devoluci\u00f3n est\u00e1 sujeta a una inspecci\u00f3n f\u00edsica previa. El producto debe estar en condiciones \u00f3ptimas para su reventa; de lo contrario, la solicitud podr\u00e1 ser rechazada independientemente del tiempo transcurrido.<\/span><\/p>\t\t\t\t\t\t\t\t<\/div>\n\t\t\t\t<\/div>\n\t\t\t\t\t<\/div>\n\t\t<\/div>\n\t\t\t\t\t<\/div>\n\t\t<\/section>\n\t\t\t\t<section class=\"elementor-section elementor-top-section elementor-element elementor-element-27230a2 elementor-section-boxed elementor-section-height-default elementor-section-height-default\" data-id=\"27230a2\" data-element_type=\"section\" data-e-type=\"section\" data-settings=\"{&quot;_ha_eqh_enable&quot;:false,&quot;ekit_has_onepagescroll_dot&quot;:&quot;yes&quot;}\">\n\t\t\t\t\t\t<div class=\"elementor-container elementor-column-gap-default\">\n\t\t\t\t\t<div class=\"elementor-column elementor-col-100 elementor-top-column elementor-element elementor-element-7edbee5\" data-id=\"7edbee5\" data-element_type=\"column\" data-e-type=\"column\">\n\t\t\t<div class=\"elementor-widget-wrap elementor-element-populated\">\n\t\t\t\t\t\t<div class=\"elementor-element elementor-element-ac2a1e6 elementor-widget elementor-widget-text-editor\" data-id=\"ac2a1e6\" data-element_type=\"widget\" data-e-type=\"widget\" data-settings=\"{&quot;ekit_we_effect_on&quot;:&quot;none&quot;}\" data-widget_type=\"text-editor.default\">\n\t\t\t\t<div class=\"elementor-widget-container\">\n\t\t\t\t\t\t\t\t\t<p class=\"MsoNormal\" style=\"margin-bottom: 0cm; text-align: justify; line-height: normal; background-image: initial; background-position: initial; background-size: initial; background-repeat: initial; background-attachment: initial; background-origin: initial; background-clip: initial;\">\u00a0<\/p><p class=\"MsoNormal\" style=\"margin: 12pt 0cm; text-align: center; line-height: normal; background-image: initial; background-position: initial; background-size: initial; background-repeat: initial; background-attachment: initial; background-origin: initial; background-clip: initial;\" align=\"center\"><i><span style=\"font-size: 12.0pt; mso-fareast-font-family: 'Times New Roman'; mso-bidi-font-family: Calibri; mso-bidi-theme-font: minor-latin; color: #0f1115; mso-ligatures: none; mso-fareast-language: ES;\">Agradecemos su comprensi\u00f3n. Esta pol\u00edtica nos permite mantener la calidad de nuestro servicio y ofrecer precios competitivos, asegurando un marco de operaciones equitativo para todas las partes.<\/span><\/i><\/p>\t\t\t\t\t\t\t\t<\/div>\n\t\t\t\t<\/div>\n\t\t\t\t\t<\/div>\n\t\t<\/div>\n\t\t\t\t\t<\/div>\n\t\t<\/section>\n\t\t\t\t<section class=\"elementor-section elementor-top-section elementor-element elementor-element-18e6571 elementor-section-boxed elementor-section-height-default elementor-section-height-default\" data-id=\"18e6571\" data-element_type=\"section\" data-e-type=\"section\" data-settings=\"{&quot;_ha_eqh_enable&quot;:false,&quot;ekit_has_onepagescroll_dot&quot;:&quot;yes&quot;}\">\n\t\t\t\t\t\t<div class=\"elementor-container elementor-column-gap-default\">\n\t\t\t\t\t<div class=\"elementor-column elementor-col-100 elementor-top-column elementor-element elementor-element-ad2c776\" data-id=\"ad2c776\" data-element_type=\"column\" data-e-type=\"column\">\n\t\t\t<div class=\"elementor-widget-wrap elementor-element-populated\">\n\t\t\t\t\t\t\t<\/div>\n\t\t<\/div>\n\t\t\t\t\t<\/div>\n\t\t<\/section>\n\t\t\t\t<\/div>\n\t\t","protected":false},"excerpt":{"rendered":"<p>Pol\u00edtica de Devoluciones y Reembolsos En CAMPOAGR\u00cdCOLA nuestro objetivo es garantizar su satisfacci\u00f3n y mantener una relaci\u00f3n comercial clara y transparente. Para gestionar las devoluciones de manera justa y eficiente, hemos establecido la siguiente pol\u00edtica: PROCESO A SEGUIR PARA REALIZAR UNA DEVOLUCI\u00d3N 1\u00ba Contactar con nuestro departamento comercial para solicitar una\u00a0\u201cAutorizaci\u00f3n\u00a0de Devoluci\u00f3n\u201d. No se aceptar\u00e1n [&hellip;]<\/p>\n","protected":false},"author":1,"featured_media":0,"parent":0,"menu_order":0,"comment_status":"closed","ping_status":"closed","template":"elementor_header_footer","meta":{"footnotes":""},"class_list":["post-49142","page","type-page","status-publish","hentry"],"_links":{"self":[{"href":"https:\/\/campoagricola.es\/index.php\/wp-json\/wp\/v2\/pages\/49142","targetHints":{"allow":["GET"]}}],"collection":[{"href":"https:\/\/campoagricola.es\/index.php\/wp-json\/wp\/v2\/pages"}],"about":[{"href":"https:\/\/campoagricola.es\/index.php\/wp-json\/wp\/v2\/types\/page"}],"author":[{"embeddable":true,"href":"https:\/\/campoagricola.es\/index.php\/wp-json\/wp\/v2\/users\/1"}],"replies":[{"embeddable":true,"href":"https:\/\/campoagricola.es\/index.php\/wp-json\/wp\/v2\/comments?post=49142"}],"version-history":[{"count":48,"href":"https:\/\/campoagricola.es\/index.php\/wp-json\/wp\/v2\/pages\/49142\/revisions"}],"predecessor-version":[{"id":49225,"href":"https:\/\/campoagricola.es\/index.php\/wp-json\/wp\/v2\/pages\/49142\/revisions\/49225"}],"wp:attachment":[{"href":"https:\/\/campoagricola.es\/index.php\/wp-json\/wp\/v2\/media?parent=49142"}],"curies":[{"name":"wp","href":"https:\/\/api.w.org\/{rel}","templated":true}]}}